{"id":564,"date":"2025-04-10T11:51:20","date_gmt":"2025-04-10T09:51:20","guid":{"rendered":"https:\/\/collegeleonardlenoir.fr\/?page_id=564"},"modified":"2025-05-06T13:47:06","modified_gmt":"2025-05-06T11:47:06","slug":"restauration","status":"publish","type":"page","link":"https:\/\/collegeleonardlenoir.fr\/index.php\/restauration\/","title":{"rendered":"Restauration"},"content":{"rendered":"\n<ol style=\"list-style-type:upper-roman\" class=\"wp-block-list\">\n<li><strong><u>Service de Restauration (SRH)<\/u><\/strong><\/li>\n<\/ol>\n\n\n\n<p>Le coll\u00e8ge L\u00e9onard LENOIR est une cuisine satellite, il ne dispose pas d\u2019unit\u00e9 de production et ach\u00e8te \u00e0 cout fixe, des repas pr\u00e9par\u00e9s en cuisine centrale (Coll\u00e8ge Jacques ELLUL). La livraison de ces repas est en liaison chaude ce qui permet une meilleure conservation des qualit\u00e9s gustatives et nutritives des aliments<\/p>\n\n\n\n<p>La facturation du service de restauration est d\u00e9coup\u00e9e en 3 trimestres.<\/p>\n\n\n\n<ul class=\"wp-block-list\">\n<li><strong><u>1<sup>er<\/sup> trimestre<\/u><\/strong> du 1<sup>e<\/sup> septembre au 31 d\u00e9cembre de l\u2019ann\u00e9e civile.<\/li>\n\n\n\n<li><strong><u>2\u00e8me trimestre <\/u><\/strong>du 1<sup>er<\/sup> janvier au dernier jour du mois de mars.<\/li>\n\n\n\n<li><strong><u>3\u00e8me trimestre <\/u><\/strong>du 1<sup>er<\/sup> jour d\u2019avril au dernier jour de l\u2019ann\u00e9e scolaire (d\u00e9but juillet).<\/li>\n<\/ul>\n\n\n\n<p>Cette facturation de la demi-pension correspond \u00e0 un forfait journalier pay\u00e9 par les familles \u00e0 l\u2019\u00e9tablissement dans le cadre de la prestation de restauration propos\u00e9 aux \u00e9l\u00e8ves. Le prix de ce forfait est fix\u00e9 par la collectivit\u00e9 de rattachement (Conseil d\u00e9partemental de la Gironde) et permet \u00e0 l\u2019\u00e9tablissement de financer les repas mais \u00e9galement le fonctionnement du Service de Restauration (gaz, eau, \u00e9lectricit\u00e9).<\/p>\n\n\n\n<p>Le forfait journalier est actuellement de 3.79 \u20ac par jour. L\u2019\u00e9mission de la facture relative \u00e0 chaque trimestre s\u2019appelle \u00ab\u00a0<em>les droits constat\u00e9s<\/em>\u00a0\u00bb. Le jour de l\u2019\u00e9mission des factures un message vous sera adress\u00e9 par mail, par pronote et par SMS.<\/p>\n\n\n\n<p><strong><u>Plusieurs modalit\u00e9s de paiement sont propos\u00e9es&nbsp;:<\/u><\/strong><\/p>\n\n\n\n<ul class=\"wp-block-list\">\n<li>En esp\u00e8ces contre un re\u00e7u faisant foi de d\u00e9p\u00f4t, pas de coupure sup\u00e9rieure \u00e0 50\u20ac\u00a0;<\/li>\n\n\n\n<li>Par ch\u00e8que remis uniquement au secr\u00e9tariat ;<\/li>\n\n\n\n<li>Par virement directement \u00e0 l\u2019agence comptable dont vous trouverez le RIB sur les factures\u00a0;<\/li>\n\n\n\n<li>Par T\u00e9l\u00e9paiement via votre compte Educonnect (voir section \u00ab\u00a0Liens utiles\u00a0\u00bb)\u00a0;<\/li>\n<\/ul>\n\n\n\n<p>Pr\u00e9l\u00e8vement automatique mensuel en remplissant le mandat de pr\u00e9l\u00e8vement pr\u00e9sent dans le dossier d\u2019inscription\/r\u00e9inscription de votre enfant.<br><strong><em>Attention toutefois, ce mandat de pr\u00e9l\u00e8vement sera \u00e9galement utilis\u00e9 pour tous les autres paiements li\u00e9s \u00e0 la scolarisation de votre enfant (voyage, d\u00e9t\u00e9riorations, etc.)<\/em><\/strong><\/p>\n\n\n\n<p><strong><u>A &#8211; Changement de r\u00e9gime (Externe\/ demi pensionnaire)<\/u><\/strong><\/p>\n\n\n\n<p>Les demandes de changement de demi-pension doivent \u00eatre faites par <strong>\u00e9crit et adress\u00e9es au chef d\u2019\u00e9tablissement<\/strong> <strong>avant le d\u00e9but du prochain trimestre<\/strong>. Les demandes faites apr\u00e8s cette \u00e9ch\u00e9ance ne seront pas prises en compte.<\/p>\n\n\n\n<p><strong><u>B \u2013 Remise d\u2019ordre<\/u><\/strong><\/p>\n\n\n\n<p>Les remises d\u2019ordre ou RO permettent \u00e0 l\u2019\u00e9tablissement de d\u00e9duire de la facture constat\u00e9e de demi-pension les absences <strong>justifi\u00e9es <\/strong>d\u2019un \u00e9l\u00e8ve. En effet, lors de la constatation des droits, l\u2019\u00e9tablissement est d\u00e9j\u00e0 pr\u00e9venu de l\u2019absence de certains \u00e9l\u00e8ves que ce soit pour des sorties ou s\u00e9jours p\u00e9dagogiques ou pour raison m\u00e9dicale. Vous pourrez constater sur votre facture des lignes en n\u00e9gatifs correspondants \u00e0 ces absences <strong>justifi\u00e9es et de plein droit<\/strong>.<\/p>\n\n\n\n<p>Il est \u00e9galement possible de demander \u00e0 l\u2019administration une remise d\u2019ordre sp\u00e9cifique sous plusieurs conditions :<\/p>\n\n\n\n<ul class=\"wp-block-list\">\n<li>Elle doit \u00eatre faite par \u00e9crit \u00e0 l\u2019attention du chef d\u2019\u00e9tablissement\u00a0;<\/li>\n\n\n\n<li>Elle doit \u00eatre justifi\u00e9e (raison m\u00e9dicale, familiale, etc.)\u00a0;<\/li>\n<\/ul>\n\n\n\n<p>Le d\u00e9p\u00f4t d\u2019une demande ne vaut pas acceptation. L\u2019administration \u00e9tudie au cas par cas les demandes qui lui sont soumises. <em>Un mod\u00e8le de demande de remise d\u2019ordre vous est propos\u00e9 dans la section document du site.<\/em><\/p>\n\n\n\n<p><strong>Remise d\u2019ordre en cas de je\u00fbne prolong\u00e9 aux usages d\u2019un culte&nbsp;<\/strong><\/p>\n\n\n\n<p>En vertu de l\u2019article 7, paragraphe b, intitul\u00e9 \u00ab&nbsp;Remise d\u2019ordre accord\u00e9e sous conditions&nbsp;\u00bb du r\u00e8glement du Service Annexe d\u2019H\u00e9bergement des Coll\u00e8ges de Gironde, une remise d\u2019ordre est accord\u00e9e quand il s\u2019agit <strong>d\u2019\u00ab&nbsp;un je\u00fbne prolong\u00e9 aux usages d\u2019un culte&nbsp;\u00bb.<\/strong><\/p>\n\n\n\n<p>Votre demande doit \u00eatre faite par <strong>\u00e9crit<\/strong> \u00e0 la rentr\u00e9e de janvier, avant l\u2019\u00e9dition des factures de demi-pension.&nbsp; Un message \u00e0 l\u2019attention des familles sera envoy\u00e9 en janvier par mail, pronote et SMS fixant la date limite de d\u00e9p\u00f4t de la demande.<\/p>\n\n\n\n<p><strong><u>Une demande re\u00e7ue apr\u00e8s la date limite sera refus\u00e9e.<\/u><\/strong><\/p>\n\n\n\n<p>Si vous ne r\u00e9gularisez pas votre situation dans le d\u00e9lai du trimestre concern\u00e9, une relance avant poursuite vous sera envoy\u00e9e. Enfin, en cas d\u2019\u00e9chec de la proc\u00e9dure de recouvrement amiable l\u2019\u00e9tablissement demandera une mise \u00e0 l\u2019huissier ou l\u2019\u00e9mission d\u2019un Saisie Administrative \u00e0 Tiers D\u00e9tenteur (SATD).<\/p>\n\n\n\n<p><\/p>\n","protected":false},"excerpt":{"rendered":"<p>Le coll\u00e8ge L\u00e9onard LENOIR est une cuisine satellite, il ne dispose pas d\u2019unit\u00e9 de production et ach\u00e8te \u00e0 cout fixe, des repas pr\u00e9par\u00e9s en cuisine centrale (Coll\u00e8ge Jacques ELLUL). La livraison de ces repas est en liaison chaude ce qui permet une meilleure conservation des qualit\u00e9s gustatives et nutritives des aliments La facturation du service de restauration est d\u00e9coup\u00e9e en 3 trimestres. Cette facturation de la demi-pension correspond \u00e0 un forfait journalier pay\u00e9 par les familles \u00e0 l\u2019\u00e9tablissement dans le cadre de la prestation de restauration propos\u00e9 aux \u00e9l\u00e8ves. Le prix de ce forfait est fix\u00e9 par la collectivit\u00e9 de rattachement (Conseil d\u00e9partemental de la Gironde) et permet \u00e0 l\u2019\u00e9tablissement de financer les repas mais \u00e9galement le fonctionnement du Service de Restauration (gaz, eau, \u00e9lectricit\u00e9). Le forfait journalier est actuellement de 3.79 \u20ac par jour. L\u2019\u00e9mission de la facture relative \u00e0 chaque trimestre s\u2019appelle \u00ab\u00a0les droits constat\u00e9s\u00a0\u00bb. Le jour de l\u2019\u00e9mission des factures un message vous sera adress\u00e9 par mail, par pronote et par SMS. Plusieurs modalit\u00e9s de paiement sont propos\u00e9es&nbsp;: Pr\u00e9l\u00e8vement automatique mensuel en remplissant le mandat de pr\u00e9l\u00e8vement pr\u00e9sent dans le dossier d\u2019inscription\/r\u00e9inscription de votre enfant.Attention toutefois, ce mandat de pr\u00e9l\u00e8vement sera \u00e9galement utilis\u00e9 pour tous les autres paiements li\u00e9s \u00e0 la scolarisation de votre enfant (voyage, d\u00e9t\u00e9riorations, etc.) A &#8211; Changement de r\u00e9gime (Externe\/ demi pensionnaire) Les demandes de changement de demi-pension doivent \u00eatre faites par \u00e9crit et adress\u00e9es au chef d\u2019\u00e9tablissement avant le d\u00e9but du prochain trimestre. Les demandes faites apr\u00e8s cette \u00e9ch\u00e9ance ne seront pas prises en compte. B \u2013 Remise d\u2019ordre Les remises d\u2019ordre ou RO permettent \u00e0 l\u2019\u00e9tablissement de d\u00e9duire de la facture constat\u00e9e de demi-pension les absences justifi\u00e9es d\u2019un \u00e9l\u00e8ve. En effet, lors de la constatation des droits, l\u2019\u00e9tablissement est d\u00e9j\u00e0 pr\u00e9venu de l\u2019absence de certains \u00e9l\u00e8ves que ce soit pour des sorties ou s\u00e9jours p\u00e9dagogiques ou pour raison m\u00e9dicale. Vous pourrez constater sur votre facture des lignes en n\u00e9gatifs correspondants \u00e0 ces absences justifi\u00e9es et de plein droit. Il est \u00e9galement possible de demander \u00e0 l\u2019administration une remise d\u2019ordre sp\u00e9cifique sous plusieurs conditions : Le d\u00e9p\u00f4t d\u2019une demande ne vaut pas acceptation. L\u2019administration \u00e9tudie au cas par cas les demandes qui lui sont soumises. Un mod\u00e8le de demande de remise d\u2019ordre vous est propos\u00e9 dans la section document du site. Remise d\u2019ordre en cas de je\u00fbne prolong\u00e9 aux usages d\u2019un culte&nbsp; En vertu de l\u2019article 7, paragraphe b, intitul\u00e9 \u00ab&nbsp;Remise d\u2019ordre accord\u00e9e sous conditions&nbsp;\u00bb du r\u00e8glement du Service Annexe d\u2019H\u00e9bergement des Coll\u00e8ges de Gironde, une remise d\u2019ordre est accord\u00e9e quand il s\u2019agit d\u2019\u00ab&nbsp;un je\u00fbne prolong\u00e9 aux usages d\u2019un culte&nbsp;\u00bb. Votre demande doit \u00eatre faite par \u00e9crit \u00e0 la rentr\u00e9e de janvier, avant l\u2019\u00e9dition des factures de demi-pension.&nbsp; Un message \u00e0 l\u2019attention des familles sera envoy\u00e9 en janvier par mail, pronote et SMS fixant la date limite de d\u00e9p\u00f4t de la demande. Une demande re\u00e7ue apr\u00e8s la date limite sera refus\u00e9e. Si vous ne r\u00e9gularisez pas votre situation dans le d\u00e9lai du trimestre concern\u00e9, une relance avant poursuite vous sera envoy\u00e9e. Enfin, en cas d\u2019\u00e9chec de la proc\u00e9dure de recouvrement amiable l\u2019\u00e9tablissement demandera une mise \u00e0 l\u2019huissier ou l\u2019\u00e9mission d\u2019un Saisie Administrative \u00e0 Tiers D\u00e9tenteur (SATD).<\/p>\n","protected":false},"author":1,"featured_media":0,"parent":0,"menu_order":0,"comment_status":"closed","ping_status":"closed","template":"","meta":{"ocean_post_layout":"","ocean_both_sidebars_style":"","ocean_both_sidebars_content_width":0,"ocean_both_sidebars_sidebars_width":0,"ocean_sidebar":"","ocean_second_sidebar":"","ocean_disable_margins":"enable","ocean_add_body_class":"","ocean_shortcode_before_top_bar":"","ocean_shortcode_after_top_bar":"","ocean_shortcode_before_header":"","ocean_shortcode_after_header":"","ocean_has_shortcode":"","ocean_shortcode_after_title":"","ocean_shortcode_before_footer_widgets":"","ocean_shortcode_after_footer_widgets":"","ocean_shortcode_before_footer_bottom":"","ocean_shortcode_after_footer_bottom":"","ocean_display_top_bar":"default","ocean_display_header":"default","ocean_header_style":"","ocean_center_header_left_menu":"","ocean_custom_header_template":"","ocean_custom_logo":0,"ocean_custom_retina_logo":0,"ocean_custom_logo_max_width":0,"ocean_custom_logo_tablet_max_width":0,"ocean_custom_logo_mobile_max_width":0,"ocean_custom_logo_max_height":0,"ocean_custom_logo_tablet_max_height":0,"ocean_custom_logo_mobile_max_height":0,"ocean_header_custom_menu":"","ocean_menu_typo_font_family":"","ocean_menu_typo_font_subset":"","ocean_menu_typo_font_size":0,"ocean_menu_typo_font_size_tablet":0,"ocean_menu_typo_font_size_mobile":0,"ocean_menu_typo_font_size_unit":"px","ocean_menu_typo_font_weight":"","ocean_menu_typo_font_weight_tablet":"","ocean_menu_typo_font_weight_mobile":"","ocean_menu_typo_transform":"","ocean_menu_typo_transform_tablet":"","ocean_menu_typo_transform_mobile":"","ocean_menu_typo_line_height":0,"ocean_menu_typo_line_height_tablet":0,"ocean_menu_typo_line_height_mobile":0,"ocean_menu_typo_line_height_unit":"","ocean_menu_typo_spacing":0,"ocean_menu_typo_spacing_tablet":0,"ocean_menu_typo_spacing_mobile":0,"ocean_menu_typo_spacing_unit":"","ocean_menu_link_color":"","ocean_menu_link_color_hover":"","ocean_menu_link_color_active":"","ocean_menu_link_background":"","ocean_menu_link_hover_background":"","ocean_menu_link_active_background":"","ocean_menu_social_links_bg":"","ocean_menu_social_hover_links_bg":"","ocean_menu_social_links_color":"","ocean_menu_social_hover_links_color":"","ocean_disable_title":"default","ocean_disable_heading":"default","ocean_post_title":"","ocean_post_subheading":"","ocean_post_title_style":"","ocean_post_title_background_color":"","ocean_post_title_background":0,"ocean_post_title_bg_image_position":"","ocean_post_title_bg_image_attachment":"","ocean_post_title_bg_image_repeat":"","ocean_post_title_bg_image_size":"","ocean_post_title_height":0,"ocean_post_title_bg_overlay":0.5,"ocean_post_title_bg_overlay_color":"","ocean_disable_breadcrumbs":"default","ocean_breadcrumbs_color":"","ocean_breadcrumbs_separator_color":"","ocean_breadcrumbs_links_color":"","ocean_breadcrumbs_links_hover_color":"","ocean_display_footer_widgets":"default","ocean_display_footer_bottom":"default","ocean_custom_footer_template":"","footnotes":""},"class_list":["post-564","page","type-page","status-publish","hentry","entry"],"_links":{"self":[{"href":"https:\/\/collegeleonardlenoir.fr\/index.php\/wp-json\/wp\/v2\/pages\/564","targetHints":{"allow":["GET"]}}],"collection":[{"href":"https:\/\/collegeleonardlenoir.fr\/index.php\/wp-json\/wp\/v2\/pages"}],"about":[{"href":"https:\/\/collegeleonardlenoir.fr\/index.php\/wp-json\/wp\/v2\/types\/page"}],"author":[{"embeddable":true,"href":"https:\/\/collegeleonardlenoir.fr\/index.php\/wp-json\/wp\/v2\/users\/1"}],"replies":[{"embeddable":true,"href":"https:\/\/collegeleonardlenoir.fr\/index.php\/wp-json\/wp\/v2\/comments?post=564"}],"version-history":[{"count":4,"href":"https:\/\/collegeleonardlenoir.fr\/index.php\/wp-json\/wp\/v2\/pages\/564\/revisions"}],"predecessor-version":[{"id":610,"href":"https:\/\/collegeleonardlenoir.fr\/index.php\/wp-json\/wp\/v2\/pages\/564\/revisions\/610"}],"wp:attachment":[{"href":"https:\/\/collegeleonardlenoir.fr\/index.php\/wp-json\/wp\/v2\/media?parent=564"}],"curies":[{"name":"wp","href":"https:\/\/api.w.org\/{rel}","templated":true}]}}