{"id":300,"date":"2025-03-25T15:05:34","date_gmt":"2025-03-25T14:05:34","guid":{"rendered":"https:\/\/collegeleonardlenoir.fr\/?page_id=300"},"modified":"2025-10-07T10:44:38","modified_gmt":"2025-10-07T08:44:38","slug":"phare","status":"publish","type":"page","link":"https:\/\/collegeleonardlenoir.fr\/index.php\/phare\/","title":{"rendered":"pHARe"},"content":{"rendered":"\t\t<div data-elementor-type=\"wp-page\" data-elementor-id=\"300\" class=\"elementor elementor-300\">\n\t\t\t\t<div class=\"elementor-element elementor-element-a0d1f00 e-flex e-con-boxed wpr-particle-no wpr-jarallax-no wpr-parallax-no wpr-sticky-section-no e-con e-parent\" data-id=\"a0d1f00\" data-element_type=\"container\">\n\t\t\t\t\t<div class=\"e-con-inner\">\n\t\t\t\t<div class=\"elementor-element elementor-element-b431909 elementor-widget elementor-widget-heading\" data-id=\"b431909\" data-element_type=\"widget\" data-widget_type=\"heading.default\">\n\t\t\t\t<div class=\"elementor-widget-container\">\n\t\t\t\t\t<h2 class=\"elementor-heading-title elementor-size-default\">Phare : un dispositif de lutte contre le harc\u00e8lement scolaire<\/h2>\t\t\t\t<\/div>\n\t\t\t\t<\/div>\n\t\t\t\t\t<\/div>\n\t\t\t\t<\/div>\n\t\t<div class=\"elementor-element elementor-element-543046f e-flex e-con-boxed wpr-particle-no wpr-jarallax-no wpr-parallax-no wpr-sticky-section-no e-con e-parent\" data-id=\"543046f\" data-element_type=\"container\">\n\t\t\t\t\t<div class=\"e-con-inner\">\n\t\t\t\t<div class=\"elementor-element elementor-element-df727fb elementor-widget elementor-widget-text-editor\" data-id=\"df727fb\" data-element_type=\"widget\" data-widget_type=\"text-editor.default\">\n\t\t\t\t<div class=\"elementor-widget-container\">\n\t\t\t\t\t\t\t\t\t<p>Le dispositif de lutte contre le harc\u00e8lement contre le harc\u00e8lement \u00e0 l&rsquo;\u00e9cole, pHARe, est le plan national de pr\u00e9vention et traitement des situations de harc\u00e8lement.<\/p><p>Pour en savoir plus :\u00a0<\/p><p><a href=\"https:\/\/www.education.gouv.fr\/non-au-harcelement\">Page non au harc\u00e8lement<\/a><\/p><p>Qui contacter si vous faites face \u00e0 une situation de harc\u00e8lement ?<\/p><p>\u00a0<\/p>\t\t\t\t\t\t\t\t<\/div>\n\t\t\t\t<\/div>\n\t\t\t\t\t<\/div>\n\t\t\t\t<\/div>\n\t\t<div class=\"elementor-element elementor-element-e5400d4 e-flex e-con-boxed wpr-particle-no wpr-jarallax-no wpr-parallax-no wpr-sticky-section-no e-con e-parent\" data-id=\"e5400d4\" data-element_type=\"container\">\n\t\t\t\t\t<div class=\"e-con-inner\">\n\t\t\t\t<div class=\"elementor-element elementor-element-7a0d328 elementor-widget elementor-widget-heading\" data-id=\"7a0d328\" data-element_type=\"widget\" data-widget_type=\"heading.default\">\n\t\t\t\t<div class=\"elementor-widget-container\">\n\t\t\t\t\t<h2 class=\"elementor-heading-title elementor-size-default\">\u00c9quipe ressource au sein du coll\u00e8ge\u00a0<\/h2>\t\t\t\t<\/div>\n\t\t\t\t<\/div>\n\t\t\t\t\t<\/div>\n\t\t\t\t<\/div>\n\t\t<div class=\"elementor-element elementor-element-e3de20d e-flex e-con-boxed wpr-particle-no wpr-jarallax-no wpr-parallax-no wpr-sticky-section-no e-con e-parent\" data-id=\"e3de20d\" data-element_type=\"container\">\n\t\t\t\t\t<div class=\"e-con-inner\">\n\t\t\t\t<div class=\"elementor-element elementor-element-fa37b02 elementor-widget elementor-widget-text-editor\" data-id=\"fa37b02\" data-element_type=\"widget\" data-widget_type=\"text-editor.default\">\n\t\t\t\t<div class=\"elementor-widget-container\">\n\t\t\t\t\t\t\t\t\t<p>L&rsquo;\u00e9quipe ressource est en charge de mettre en \u0153uvre le protocole de prise en charge des situations de harc\u00e8lement.<\/p><p>M. DUPOUY : Principal<\/p><p>Mme DELMON-LAPLAUD : CPE<\/p><p>MME DI FRANCO : Professeure documentaliste<\/p><p>MME GUILBERT : Assistante sociale<\/p><p>MME BRUNEL : AED<\/p>\t\t\t\t\t\t\t\t<\/div>\n\t\t\t\t<\/div>\n\t\t\t\t\t<\/div>\n\t\t\t\t<\/div>\n\t\t<div class=\"elementor-element elementor-element-b444847 e-flex e-con-boxed wpr-particle-no wpr-jarallax-no wpr-parallax-no wpr-sticky-section-no e-con e-parent\" data-id=\"b444847\" data-element_type=\"container\">\n\t\t\t\t\t<div class=\"e-con-inner\">\n\t\t\t\t<div class=\"elementor-element elementor-element-86a4510 elementor-widget elementor-widget-heading\" data-id=\"86a4510\" data-element_type=\"widget\" data-widget_type=\"heading.default\">\n\t\t\t\t<div class=\"elementor-widget-container\">\n\t\t\t\t\t<h2 class=\"elementor-heading-title elementor-size-default\">le num\u00e9ro national : le  30 18<\/h2>\t\t\t\t<\/div>\n\t\t\t\t<\/div>\n\t\t\t\t\t<\/div>\n\t\t\t\t<\/div>\n\t\t<div class=\"elementor-element elementor-element-cfe7324 e-flex e-con-boxed wpr-particle-no wpr-jarallax-no wpr-parallax-no wpr-sticky-section-no e-con e-parent\" data-id=\"cfe7324\" data-element_type=\"container\">\n\t\t\t\t\t<div class=\"e-con-inner\">\n\t\t\t\t<div class=\"elementor-element elementor-element-6d8e23b elementor-widget elementor-widget-text-editor\" data-id=\"6d8e23b\" data-element_type=\"widget\" data-widget_type=\"text-editor.default\">\n\t\t\t\t<div class=\"elementor-widget-container\">\n\t\t\t\t\t\t\t\t\t<p>Pour en savoir plus sur la plateforme nationale et l&rsquo;application n&rsquo;h\u00e9sitez pas \u00e0 faire un tour sur :<\/p><p><a href=\"https:\/\/e-enfance.org\/besoin-daide\/\" target=\"_blank\" rel=\"noopener\">Le site du 30 18<\/a><\/p><p>\u00a0<\/p>\t\t\t\t\t\t\t\t<\/div>\n\t\t\t\t<\/div>\n\t\t\t\t\t<\/div>\n\t\t\t\t<\/div>\n\t\t\t\t<\/div>\n\t\t","protected":false},"excerpt":{"rendered":"<p>Phare : un dispositif de lutte contre le harc\u00e8lement scolaire Le dispositif de lutte contre le harc\u00e8lement contre le harc\u00e8lement \u00e0 l&rsquo;\u00e9cole, pHARe, est le plan national de pr\u00e9vention et traitement des situations de harc\u00e8lement. Pour en savoir plus :\u00a0 Page non au harc\u00e8lement Qui contacter si vous faites face \u00e0 une situation de harc\u00e8lement ? \u00a0 \u00c9quipe ressource au sein du coll\u00e8ge\u00a0 L&rsquo;\u00e9quipe ressource est en charge de mettre en \u0153uvre le protocole de prise en charge des situations de harc\u00e8lement. M. DUPOUY : Principal Mme DELMON-LAPLAUD : CPE MME DI FRANCO : Professeure documentaliste MME GUILBERT : Assistante sociale MME BRUNEL : AED le num\u00e9ro national : le 30 18 Pour en savoir plus sur la plateforme nationale et l&rsquo;application n&rsquo;h\u00e9sitez pas \u00e0 faire un tour sur : Le site du 30 18 \u00a0<\/p>\n","protected":false},"author":1,"featured_media":0,"parent":0,"menu_order":0,"comment_status":"closed","ping_status":"closed","template":"","meta":{"ocean_post_layout":"","ocean_both_sidebars_style":"","ocean_both_sidebars_content_width":0,"ocean_both_sidebars_sidebars_width":0,"ocean_sidebar":"","ocean_second_sidebar":"","ocean_disable_margins":"enable","ocean_add_body_class":"","ocean_shortcode_before_top_bar":"","ocean_shortcode_after_top_bar":"","ocean_shortcode_before_header":"","ocean_shortcode_after_header":"","ocean_has_shortcode":"","ocean_shortcode_after_title":"","ocean_shortcode_before_footer_widgets":"","ocean_shortcode_after_footer_widgets":"","ocean_shortcode_before_footer_bottom":"","ocean_shortcode_after_footer_bottom":"","ocean_display_top_bar":"default","ocean_display_header":"default","ocean_header_style":"","ocean_center_header_left_menu":"","ocean_custom_header_template":"","ocean_custom_logo":0,"ocean_custom_retina_logo":0,"ocean_custom_logo_max_width":0,"ocean_custom_logo_tablet_max_width":0,"ocean_custom_logo_mobile_max_width":0,"ocean_custom_logo_max_height":0,"ocean_custom_logo_tablet_max_height":0,"ocean_custom_logo_mobile_max_height":0,"ocean_header_custom_menu":"","ocean_menu_typo_font_family":"","ocean_menu_typo_font_subset":"","ocean_menu_typo_font_size":0,"ocean_menu_typo_font_size_tablet":0,"ocean_menu_typo_font_size_mobile":0,"ocean_menu_typo_font_size_unit":"px","ocean_menu_typo_font_weight":"","ocean_menu_typo_font_weight_tablet":"","ocean_menu_typo_font_weight_mobile":"","ocean_menu_typo_transform":"","ocean_menu_typo_transform_tablet":"","ocean_menu_typo_transform_mobile":"","ocean_menu_typo_line_height":0,"ocean_menu_typo_line_height_tablet":0,"ocean_menu_typo_line_height_mobile":0,"ocean_menu_typo_line_height_unit":"","ocean_menu_typo_spacing":0,"ocean_menu_typo_spacing_tablet":0,"ocean_menu_typo_spacing_mobile":0,"ocean_menu_typo_spacing_unit":"","ocean_menu_link_color":"","ocean_menu_link_color_hover":"","ocean_menu_link_color_active":"","ocean_menu_link_background":"","ocean_menu_link_hover_background":"","ocean_menu_link_active_background":"","ocean_menu_social_links_bg":"","ocean_menu_social_hover_links_bg":"","ocean_menu_social_links_color":"","ocean_menu_social_hover_links_color":"","ocean_disable_title":"default","ocean_disable_heading":"default","ocean_post_title":"","ocean_post_subheading":"","ocean_post_title_style":"","ocean_post_title_background_color":"","ocean_post_title_background":0,"ocean_post_title_bg_image_position":"","ocean_post_title_bg_image_attachment":"","ocean_post_title_bg_image_repeat":"","ocean_post_title_bg_image_size":"","ocean_post_title_height":0,"ocean_post_title_bg_overlay":0.5,"ocean_post_title_bg_overlay_color":"","ocean_disable_breadcrumbs":"default","ocean_breadcrumbs_color":"","ocean_breadcrumbs_separator_color":"","ocean_breadcrumbs_links_color":"","ocean_breadcrumbs_links_hover_color":"","ocean_display_footer_widgets":"default","ocean_display_footer_bottom":"default","ocean_custom_footer_template":"","footnotes":""},"class_list":["post-300","page","type-page","status-publish","hentry","entry"],"_links":{"self":[{"href":"https:\/\/collegeleonardlenoir.fr\/index.php\/wp-json\/wp\/v2\/pages\/300","targetHints":{"allow":["GET"]}}],"collection":[{"href":"https:\/\/collegeleonardlenoir.fr\/index.php\/wp-json\/wp\/v2\/pages"}],"about":[{"href":"https:\/\/collegeleonardlenoir.fr\/index.php\/wp-json\/wp\/v2\/types\/page"}],"author":[{"embeddable":true,"href":"https:\/\/collegeleonardlenoir.fr\/index.php\/wp-json\/wp\/v2\/users\/1"}],"replies":[{"embeddable":true,"href":"https:\/\/collegeleonardlenoir.fr\/index.php\/wp-json\/wp\/v2\/comments?post=300"}],"version-history":[{"count":10,"href":"https:\/\/collegeleonardlenoir.fr\/index.php\/wp-json\/wp\/v2\/pages\/300\/revisions"}],"predecessor-version":[{"id":1228,"href":"https:\/\/collegeleonardlenoir.fr\/index.php\/wp-json\/wp\/v2\/pages\/300\/revisions\/1228"}],"wp:attachment":[{"href":"https:\/\/collegeleonardlenoir.fr\/index.php\/wp-json\/wp\/v2\/media?parent=300"}],"curies":[{"name":"wp","href":"https:\/\/api.w.org\/{rel}","templated":true}]}}

<div data-elementor-type="wp-page" data-elementor-id="300" class="elementor elementor-300">
				<div class="elementor-element elementor-element-a0d1f00 e-flex e-con-boxed wpr-particle-no wpr-jarallax-no wpr-parallax-no wpr-sticky-section-no e-con e-parent" data-id="a0d1f00" data-element_type="container">
					<div class="e-con-inner">
				<div class="elementor-element elementor-element-b431909 elementor-widget elementor-widget-heading" data-id="b431909" data-element_type="widget" data-widget_type="heading.default">
				<div class="elementor-widget-container">
					<h2 class="elementor-heading-title elementor-size-default">Phare : un dispositif de lutte contre le harcèlement scolaire</h2>				</div>
				</div>
					</div>
				</div>
		<div class="elementor-element elementor-element-543046f e-flex e-con-boxed wpr-particle-no wpr-jarallax-no wpr-parallax-no wpr-sticky-section-no e-con e-parent" data-id="543046f" data-element_type="container">
					<div class="e-con-inner">
				<div class="elementor-element elementor-element-df727fb elementor-widget elementor-widget-text-editor" data-id="df727fb" data-element_type="widget" data-widget_type="text-editor.default">
				<div class="elementor-widget-container">
									<p>Le dispositif de lutte contre le harcèlement contre le harcèlement à l&rsquo;école, pHARe, est le plan national de prévention et traitement des situations de harcèlement.</p><p>Pour en savoir plus : </p><p><a href="https://www.education.gouv.fr/non-au-harcelement">Page non au harcèlement</a></p><p>Qui contacter si vous faites face à une situation de harcèlement ?</p><p> </p>								</div>
				</div>
					</div>
				</div>
		<div class="elementor-element elementor-element-e5400d4 e-flex e-con-boxed wpr-particle-no wpr-jarallax-no wpr-parallax-no wpr-sticky-section-no e-con e-parent" data-id="e5400d4" data-element_type="container">
					<div class="e-con-inner">
				<div class="elementor-element elementor-element-7a0d328 elementor-widget elementor-widget-heading" data-id="7a0d328" data-element_type="widget" data-widget_type="heading.default">
				<div class="elementor-widget-container">
					<h2 class="elementor-heading-title elementor-size-default">Équipe ressource au sein du collège </h2>				</div>
				</div>
					</div>
				</div>
		<div class="elementor-element elementor-element-e3de20d e-flex e-con-boxed wpr-particle-no wpr-jarallax-no wpr-parallax-no wpr-sticky-section-no e-con e-parent" data-id="e3de20d" data-element_type="container">
					<div class="e-con-inner">
				<div class="elementor-element elementor-element-fa37b02 elementor-widget elementor-widget-text-editor" data-id="fa37b02" data-element_type="widget" data-widget_type="text-editor.default">
				<div class="elementor-widget-container">
									<p>L&rsquo;équipe ressource est en charge de mettre en œuvre le protocole de prise en charge des situations de harcèlement.</p><p>M. DUPOUY : Principal</p><p>Mme DELMON-LAPLAUD : CPE</p><p>MME DI FRANCO : Professeure documentaliste</p><p>MME GUILBERT : Assistante sociale</p><p>MME BRUNEL : AED</p>								</div>
				</div>
					</div>
				</div>
		<div class="elementor-element elementor-element-b444847 e-flex e-con-boxed wpr-particle-no wpr-jarallax-no wpr-parallax-no wpr-sticky-section-no e-con e-parent" data-id="b444847" data-element_type="container">
					<div class="e-con-inner">
				<div class="elementor-element elementor-element-86a4510 elementor-widget elementor-widget-heading" data-id="86a4510" data-element_type="widget" data-widget_type="heading.default">
				<div class="elementor-widget-container">
					<h2 class="elementor-heading-title elementor-size-default">le numéro national : le  30 18</h2>				</div>
				</div>
					</div>
				</div>
		<div class="elementor-element elementor-element-cfe7324 e-flex e-con-boxed wpr-particle-no wpr-jarallax-no wpr-parallax-no wpr-sticky-section-no e-con e-parent" data-id="cfe7324" data-element_type="container">
					<div class="e-con-inner">
				<div class="elementor-element elementor-element-6d8e23b elementor-widget elementor-widget-text-editor" data-id="6d8e23b" data-element_type="widget" data-widget_type="text-editor.default">
				<div class="elementor-widget-container">
									<p>Pour en savoir plus sur la plateforme nationale et l&rsquo;application n&rsquo;hésitez pas à faire un tour sur :</p><p><a href="https://e-enfance.org/besoin-daide/" target="_blank" rel="noopener">Le site du 30 18</a></p><p> </p>								</div>
				</div>
					</div>
				</div>
				</div>

<p>Phare : un dispositif de lutte contre le harcèlement scolaire Le dispositif de lutte contre le harcèlement contre le harcèlement à l&rsquo;école, pHARe, est le plan national de prévention et traitement des situations de harcèlement. Pour en savoir plus :  Page non au harcèlement Qui contacter si vous faites face à une situation de harcèlement ?   Équipe ressource au sein du collège  L&rsquo;équipe ressource est en charge de mettre en œuvre le protocole de prise en charge des situations de harcèlement. M. DUPOUY : Principal Mme DELMON-LAPLAUD : CPE MME DI FRANCO : Professeure documentaliste MME GUILBERT : Assistante sociale MME BRUNEL : AED le numéro national : le 30 18 Pour en savoir plus sur la plateforme nationale et l&rsquo;application n&rsquo;hésitez pas à faire un tour sur : Le site du 30 18  </p>
