{"id":296,"date":"2025-03-25T15:05:34","date_gmt":"2025-03-25T14:05:34","guid":{"rendered":"https:\/\/collegeleonardlenoir.fr\/?page_id=296"},"modified":"2025-10-03T15:46:04","modified_gmt":"2025-10-03T13:46:04","slug":"foyer-des-eleves","status":"publish","type":"page","link":"https:\/\/collegeleonardlenoir.fr\/index.php\/foyer-des-eleves\/","title":{"rendered":"Foyer des \u00e9l\u00e8ves"},"content":{"rendered":"<p>Foyer du coll\u00e8ge<\/p>\n<p>&nbsp;<\/p>\n<p><strong>F<\/strong>avoriser la convivialit\u00e9 au coll\u00e8ge, lieu<\/p>\n<p><strong>O<\/strong>\u00f9 les \u00e9l\u00e8ves apprennent, d\u00e9couvrent et s&rsquo;amusent.<\/p>\n<p><strong>Y<\/strong> a-t-il meilleur moyen pour cela que d&rsquo;<\/p>\n<p><strong>E<\/strong>xp\u00e9rimenter plusieurs activit\u00e9s ensemble,<\/p>\n<p><strong>R<\/strong>ire et partager des moments de complicit\u00e9 ?<\/p>\n<p>&nbsp;<\/p>\n<p><strong>D<\/strong>es clubs sur le midi : journal, com\u00e9die musicale,<\/p>\n<p><strong>E<\/strong>xpression musicale et artistique<\/p>\n<p><strong>S<\/strong>ans oublier jeux vid\u00e9os, karaok\u00e9 et foot,<\/p>\n<p>&nbsp;<\/p>\n<p><strong>E<\/strong>ntraide\u00a0 pour les plus d\u00e9munis et pour<\/p>\n<p><strong>L<\/strong>&lsquo;association sportive du coll\u00e8ge<\/p>\n<p><strong>E<\/strong>t participation pour les sorties, les<\/p>\n<p><strong>V<\/strong>oyages et les activit\u00e9s de la cour,<\/p>\n<p><strong>E<\/strong>nfin, co-organisation du bal de promo des 3\u00e8me,<\/p>\n<p><strong>S<\/strong>ans vous, tout cela ne serait pas possible.<\/p>\n<p>&nbsp;<\/p>\n<p>L&rsquo;adh\u00e9sion annuelle au foyer est de 15\u20ac(20 \u20ac pour les fratries)<\/p>\n\n\n<div data-wp-interactive=\"core\/file\" class=\"wp-block-file\"><object data-wp-bind--hidden=\"!state.hasPdfPreview\" hidden class=\"wp-block-file__embed\" data=\"https:\/\/collegeleonardlenoir.fr\/wp-content\/uploads\/2025\/10\/Planning-club-2025-2026.pdf\" type=\"application\/pdf\" style=\"width:100%;height:600px\" aria-label=\"Contenu embarqu\u00e9 Planning club 2025-2026.\"><\/object><a id=\"wp-block-file--media-80ab3318-c75c-464e-bbf5-d8b7aa54664a\" href=\"https:\/\/collegeleonardlenoir.fr\/wp-content\/uploads\/2025\/10\/Planning-club-2025-2026.pdf\">Planning club 2025-2026<\/a><a href=\"https:\/\/collegeleonardlenoir.fr\/wp-content\/uploads\/2025\/10\/Planning-club-2025-2026.pdf\" class=\"wp-block-file__button wp-element-button\" download aria-describedby=\"wp-block-file--media-80ab3318-c75c-464e-bbf5-d8b7aa54664a\">T\u00e9l\u00e9charger<\/a><\/div>\n","protected":false},"excerpt":{"rendered":"<p>Foyer du coll\u00e8ge &nbsp; Favoriser la convivialit\u00e9 au coll\u00e8ge, lieu O\u00f9 les \u00e9l\u00e8ves apprennent, d\u00e9couvrent et s&rsquo;amusent. Y a-t-il meilleur moyen pour cela que d&rsquo; Exp\u00e9rimenter plusieurs activit\u00e9s ensemble, Rire et partager des moments de complicit\u00e9 ? &nbsp; Des clubs sur le midi : journal, com\u00e9die musicale, Expression musicale et artistique Sans oublier jeux vid\u00e9os, karaok\u00e9 et foot, &nbsp; Entraide\u00a0 pour les plus d\u00e9munis et pour L&lsquo;association sportive du coll\u00e8ge Et participation pour les sorties, les Voyages et les activit\u00e9s de la cour, Enfin, co-organisation du bal de promo des 3\u00e8me, Sans vous, tout cela ne serait pas possible. &nbsp; L&rsquo;adh\u00e9sion annuelle au foyer est de 15\u20ac(20 \u20ac pour les fratries)<\/p>\n","protected":false},"author":1,"featured_media":0,"parent":0,"menu_order":0,"comment_status":"closed","ping_status":"closed","template":"","meta":{"ocean_post_layout":"","ocean_both_sidebars_style":"","ocean_both_sidebars_content_width":0,"ocean_both_sidebars_sidebars_width":0,"ocean_sidebar":"","ocean_second_sidebar":"","ocean_disable_margins":"enable","ocean_add_body_class":"","ocean_shortcode_before_top_bar":"","ocean_shortcode_after_top_bar":"","ocean_shortcode_before_header":"","ocean_shortcode_after_header":"","ocean_has_shortcode":"","ocean_shortcode_after_title":"","ocean_shortcode_before_footer_widgets":"","ocean_shortcode_after_footer_widgets":"","ocean_shortcode_before_footer_bottom":"","ocean_shortcode_after_footer_bottom":"","ocean_display_top_bar":"default","ocean_display_header":"default","ocean_header_style":"","ocean_center_header_left_menu":"","ocean_custom_header_template":"","ocean_custom_logo":0,"ocean_custom_retina_logo":0,"ocean_custom_logo_max_width":0,"ocean_custom_logo_tablet_max_width":0,"ocean_custom_logo_mobile_max_width":0,"ocean_custom_logo_max_height":0,"ocean_custom_logo_tablet_max_height":0,"ocean_custom_logo_mobile_max_height":0,"ocean_header_custom_menu":"","ocean_menu_typo_font_family":"","ocean_menu_typo_font_subset":"","ocean_menu_typo_font_size":0,"ocean_menu_typo_font_size_tablet":0,"ocean_menu_typo_font_size_mobile":0,"ocean_menu_typo_font_size_unit":"px","ocean_menu_typo_font_weight":"","ocean_menu_typo_font_weight_tablet":"","ocean_menu_typo_font_weight_mobile":"","ocean_menu_typo_transform":"","ocean_menu_typo_transform_tablet":"","ocean_menu_typo_transform_mobile":"","ocean_menu_typo_line_height":0,"ocean_menu_typo_line_height_tablet":0,"ocean_menu_typo_line_height_mobile":0,"ocean_menu_typo_line_height_unit":"","ocean_menu_typo_spacing":0,"ocean_menu_typo_spacing_tablet":0,"ocean_menu_typo_spacing_mobile":0,"ocean_menu_typo_spacing_unit":"","ocean_menu_link_color":"","ocean_menu_link_color_hover":"","ocean_menu_link_color_active":"","ocean_menu_link_background":"","ocean_menu_link_hover_background":"","ocean_menu_link_active_background":"","ocean_menu_social_links_bg":"","ocean_menu_social_hover_links_bg":"","ocean_menu_social_links_color":"","ocean_menu_social_hover_links_color":"","ocean_disable_title":"default","ocean_disable_heading":"default","ocean_post_title":"","ocean_post_subheading":"","ocean_post_title_style":"","ocean_post_title_background_color":"","ocean_post_title_background":0,"ocean_post_title_bg_image_position":"","ocean_post_title_bg_image_attachment":"","ocean_post_title_bg_image_repeat":"","ocean_post_title_bg_image_size":"","ocean_post_title_height":0,"ocean_post_title_bg_overlay":0.5,"ocean_post_title_bg_overlay_color":"","ocean_disable_breadcrumbs":"default","ocean_breadcrumbs_color":"","ocean_breadcrumbs_separator_color":"","ocean_breadcrumbs_links_color":"","ocean_breadcrumbs_links_hover_color":"","ocean_display_footer_widgets":"default","ocean_display_footer_bottom":"default","ocean_custom_footer_template":"","footnotes":""},"class_list":["post-296","page","type-page","status-publish","hentry","entry"],"_links":{"self":[{"href":"https:\/\/collegeleonardlenoir.fr\/index.php\/wp-json\/wp\/v2\/pages\/296","targetHints":{"allow":["GET"]}}],"collection":[{"href":"https:\/\/collegeleonardlenoir.fr\/index.php\/wp-json\/wp\/v2\/pages"}],"about":[{"href":"https:\/\/collegeleonardlenoir.fr\/index.php\/wp-json\/wp\/v2\/types\/page"}],"author":[{"embeddable":true,"href":"https:\/\/collegeleonardlenoir.fr\/index.php\/wp-json\/wp\/v2\/users\/1"}],"replies":[{"embeddable":true,"href":"https:\/\/collegeleonardlenoir.fr\/index.php\/wp-json\/wp\/v2\/comments?post=296"}],"version-history":[{"count":3,"href":"https:\/\/collegeleonardlenoir.fr\/index.php\/wp-json\/wp\/v2\/pages\/296\/revisions"}],"predecessor-version":[{"id":1190,"href":"https:\/\/collegeleonardlenoir.fr\/index.php\/wp-json\/wp\/v2\/pages\/296\/revisions\/1190"}],"wp:attachment":[{"href":"https:\/\/collegeleonardlenoir.fr\/index.php\/wp-json\/wp\/v2\/media?parent=296"}],"curies":[{"name":"wp","href":"https:\/\/api.w.org\/{rel}","templated":true}]}}