{"id":294,"date":"2025-03-25T15:05:34","date_gmt":"2025-03-25T14:05:34","guid":{"rendered":"https:\/\/collegeleonardlenoir.fr\/?page_id=294"},"modified":"2025-10-03T15:44:42","modified_gmt":"2025-10-03T13:44:42","slug":"parcours-citoyen","status":"publish","type":"page","link":"https:\/\/collegeleonardlenoir.fr\/index.php\/parcours-citoyen\/","title":{"rendered":"Parcours citoyen"},"content":{"rendered":"\t\t<div data-elementor-type=\"wp-page\" data-elementor-id=\"294\" class=\"elementor elementor-294\">\n\t\t\t\t<div class=\"elementor-element elementor-element-ab22ce1 e-flex e-con-boxed wpr-particle-no wpr-jarallax-no wpr-parallax-no wpr-sticky-section-no e-con e-parent\" data-id=\"ab22ce1\" data-element_type=\"container\">\n\t\t\t\t\t<div class=\"e-con-inner\">\n\t\t\t\t<div class=\"elementor-element elementor-element-e9d2f9f elementor-widget elementor-widget-heading\" data-id=\"e9d2f9f\" data-element_type=\"widget\" data-widget_type=\"heading.default\">\n\t\t\t\t<div class=\"elementor-widget-container\">\n\t\t\t\t\t<h2 class=\"elementor-heading-title elementor-size-default\">Le parcours citoyen - Coll\u00e8ge l\u00e9onard lenoir 2025-2026<\/h2>\t\t\t\t<\/div>\n\t\t\t\t<\/div>\n\t\t\t\t\t<\/div>\n\t\t\t\t<\/div>\n\t\t<div class=\"elementor-element elementor-element-774eeb9 e-flex e-con-boxed wpr-particle-no wpr-jarallax-no wpr-parallax-no wpr-sticky-section-no e-con e-parent\" data-id=\"774eeb9\" data-element_type=\"container\">\n\t\t\t\t\t<div class=\"e-con-inner\">\n\t\t\t\t<div class=\"elementor-element elementor-element-502afa6 elementor-widget elementor-widget-text-editor\" data-id=\"502afa6\" data-element_type=\"widget\" data-widget_type=\"text-editor.default\">\n\t\t\t\t<div class=\"elementor-widget-container\">\n\t\t\t\t\t\t\t\t\t<p>Le parcours citoyen de l&rsquo;\u00e9l\u00e8ve est inscrit dans le projet global de formation de l&rsquo;\u00e9l\u00e8ve. Il s&rsquo;adresse \u00e0 des citoyens en devenir qui prennent progressivement conscience de leurs droits, de leurs devoirs et de leurs responsabilit\u00e9s.<\/p><p>Adress\u00e9 \u00e0 l&rsquo;ensemble des enseignements, en particulier l&rsquo;enseignement moral et civique, l\u2019\u00e9ducation aux m\u00e9dias et \u00e0 l&rsquo;information, et en participant du socle commun de connaissances, de comp\u00e9tences et de culture, le parcours citoyen concourt \u00e0 la transmission des valeurs et principes de la R\u00e9publique et de la vie dans les soci\u00e9t\u00e9s d\u00e9mocratiques.<\/p><p>Le parcours citoyen permet d&rsquo;aborder les grands champs de l&rsquo;\u00e9ducation \u00e0 la citoyennet\u00e9:\u00a0<\/p><ul><li>La transmission des valeurs r\u00e9publicaine et du principe de la\u00efcit\u00e9 ;<\/li><li>La culture de l&rsquo;\u00e9galit\u00e9 entre les sexes et du respect mutuel ;<\/li><li>La lutte contre toutes les formes de discriminations et en particulier la pr\u00e9vention et la lutte contre le racisme et l&rsquo;antis\u00e9mitisme, notamment \u00e0 travers l&rsquo;ouverture sur l&rsquo;Europe et le monde ;<\/li><li>La pr\u00e9vention et la lutte contre le harc\u00e8lement ;<\/li><li>La lutte contre l&rsquo;homophobie ;<\/li><li>L&rsquo;\u00e9ducation \u00e0 l&rsquo;environnement et au d\u00e9veloppement durable ;\u00a0<\/li><li>L&rsquo;\u00e9ducation aux m\u00e9dias et \u00e0 l&rsquo;information ;<\/li><li>L&rsquo;\u00e9ducation \u00e0 la d\u00e9fense\u00a0 ;\u00a0<\/li><\/ul>\t\t\t\t\t\t\t\t<\/div>\n\t\t\t\t<\/div>\n\t\t\t\t\t<\/div>\n\t\t\t\t<\/div>\n\t\t<div class=\"elementor-element elementor-element-614268c e-flex e-con-boxed wpr-particle-no wpr-jarallax-no wpr-parallax-no wpr-sticky-section-no e-con e-parent\" data-id=\"614268c\" data-element_type=\"container\">\n\t\t\t\t\t<div class=\"e-con-inner\">\n\t\t\t\t<div class=\"elementor-element elementor-element-940b7ad elementor-widget elementor-widget-image\" data-id=\"940b7ad\" data-element_type=\"widget\" data-widget_type=\"image.default\">\n\t\t\t\t<div class=\"elementor-widget-container\">\n\t\t\t\t\t\t\t\t\t\t\t\t<figure class=\"wp-caption\">\n\t\t\t\t\t\t\t\t\t\t<img fetchpriority=\"high\" decoding=\"async\" width=\"1298\" height=\"950\" src=\"https:\/\/collegeleonardlenoir.fr\/wp-content\/uploads\/2025\/10\/Parcours-citoyen-2025-2026.png\" class=\"attachment-1536x1536 size-1536x1536 wp-image-1185\" alt=\"\" srcset=\"https:\/\/collegeleonardlenoir.fr\/wp-content\/uploads\/2025\/10\/Parcours-citoyen-2025-2026.png 1298w, https:\/\/collegeleonardlenoir.fr\/wp-content\/uploads\/2025\/10\/Parcours-citoyen-2025-2026-300x220.png 300w, https:\/\/collegeleonardlenoir.fr\/wp-content\/uploads\/2025\/10\/Parcours-citoyen-2025-2026-1024x749.png 1024w, https:\/\/collegeleonardlenoir.fr\/wp-content\/uploads\/2025\/10\/Parcours-citoyen-2025-2026-768x562.png 768w\" sizes=\"(max-width: 1298px) 100vw, 1298px\" \/>\t\t\t\t\t\t\t\t\t\t\t<figcaption class=\"widget-image-caption wp-caption-text\">Tableau r\u00e9capitulatif des actions du parcours ciitoyen<\/figcaption>\n\t\t\t\t\t\t\t\t\t\t<\/figure>\n\t\t\t\t\t\t\t\t\t<\/div>\n\t\t\t\t<\/div>\n\t\t\t\t\t<\/div>\n\t\t\t\t<\/div>\n\t\t\t\t<\/div>\n\t\t","protected":false},"excerpt":{"rendered":"<p>Le parcours citoyen &#8211; Coll\u00e8ge l\u00e9onard lenoir 2025-2026 Le parcours citoyen de l&rsquo;\u00e9l\u00e8ve est inscrit dans le projet global de formation de l&rsquo;\u00e9l\u00e8ve. Il s&rsquo;adresse \u00e0 des citoyens en devenir qui prennent progressivement conscience de leurs droits, de leurs devoirs et de leurs responsabilit\u00e9s. Adress\u00e9 \u00e0 l&rsquo;ensemble des enseignements, en particulier l&rsquo;enseignement moral et civique, l\u2019\u00e9ducation aux m\u00e9dias et \u00e0 l&rsquo;information, et en participant du socle commun de connaissances, de comp\u00e9tences et de culture, le parcours citoyen concourt \u00e0 la transmission des valeurs et principes de la R\u00e9publique et de la vie dans les soci\u00e9t\u00e9s d\u00e9mocratiques. Le parcours citoyen permet d&rsquo;aborder les grands champs de l&rsquo;\u00e9ducation \u00e0 la citoyennet\u00e9:\u00a0 La transmission des valeurs r\u00e9publicaine et du principe de la\u00efcit\u00e9 ; La culture de l&rsquo;\u00e9galit\u00e9 entre les sexes et du respect mutuel ; La lutte contre toutes les formes de discriminations et en particulier la pr\u00e9vention et la lutte contre le racisme et l&rsquo;antis\u00e9mitisme, notamment \u00e0 travers l&rsquo;ouverture sur l&rsquo;Europe et le monde ; La pr\u00e9vention et la lutte contre le harc\u00e8lement ; La lutte contre l&rsquo;homophobie ; L&rsquo;\u00e9ducation \u00e0 l&rsquo;environnement et au d\u00e9veloppement durable ;\u00a0 L&rsquo;\u00e9ducation aux m\u00e9dias et \u00e0 l&rsquo;information ; L&rsquo;\u00e9ducation \u00e0 la d\u00e9fense\u00a0 ;\u00a0 Tableau r\u00e9capitulatif des actions du parcours ciitoyen<\/p>\n","protected":false},"author":1,"featured_media":0,"parent":0,"menu_order":0,"comment_status":"closed","ping_status":"closed","template":"","meta":{"ocean_post_layout":"","ocean_both_sidebars_style":"","ocean_both_sidebars_content_width":0,"ocean_both_sidebars_sidebars_width":0,"ocean_sidebar":"","ocean_second_sidebar":"","ocean_disable_margins":"enable","ocean_add_body_class":"","ocean_shortcode_before_top_bar":"","ocean_shortcode_after_top_bar":"","ocean_shortcode_before_header":"","ocean_shortcode_after_header":"","ocean_has_shortcode":"","ocean_shortcode_after_title":"","ocean_shortcode_before_footer_widgets":"","ocean_shortcode_after_footer_widgets":"","ocean_shortcode_before_footer_bottom":"","ocean_shortcode_after_footer_bottom":"","ocean_display_top_bar":"default","ocean_display_header":"default","ocean_header_style":"","ocean_center_header_left_menu":"","ocean_custom_header_template":"","ocean_custom_logo":0,"ocean_custom_retina_logo":0,"ocean_custom_logo_max_width":0,"ocean_custom_logo_tablet_max_width":0,"ocean_custom_logo_mobile_max_width":0,"ocean_custom_logo_max_height":0,"ocean_custom_logo_tablet_max_height":0,"ocean_custom_logo_mobile_max_height":0,"ocean_header_custom_menu":"","ocean_menu_typo_font_family":"","ocean_menu_typo_font_subset":"","ocean_menu_typo_font_size":0,"ocean_menu_typo_font_size_tablet":0,"ocean_menu_typo_font_size_mobile":0,"ocean_menu_typo_font_size_unit":"px","ocean_menu_typo_font_weight":"","ocean_menu_typo_font_weight_tablet":"","ocean_menu_typo_font_weight_mobile":"","ocean_menu_typo_transform":"","ocean_menu_typo_transform_tablet":"","ocean_menu_typo_transform_mobile":"","ocean_menu_typo_line_height":0,"ocean_menu_typo_line_height_tablet":0,"ocean_menu_typo_line_height_mobile":0,"ocean_menu_typo_line_height_unit":"","ocean_menu_typo_spacing":0,"ocean_menu_typo_spacing_tablet":0,"ocean_menu_typo_spacing_mobile":0,"ocean_menu_typo_spacing_unit":"","ocean_menu_link_color":"","ocean_menu_link_color_hover":"","ocean_menu_link_color_active":"","ocean_menu_link_background":"","ocean_menu_link_hover_background":"","ocean_menu_link_active_background":"","ocean_menu_social_links_bg":"","ocean_menu_social_hover_links_bg":"","ocean_menu_social_links_color":"","ocean_menu_social_hover_links_color":"","ocean_disable_title":"default","ocean_disable_heading":"default","ocean_post_title":"","ocean_post_subheading":"","ocean_post_title_style":"","ocean_post_title_background_color":"","ocean_post_title_background":0,"ocean_post_title_bg_image_position":"","ocean_post_title_bg_image_attachment":"","ocean_post_title_bg_image_repeat":"","ocean_post_title_bg_image_size":"","ocean_post_title_height":0,"ocean_post_title_bg_overlay":0.5,"ocean_post_title_bg_overlay_color":"","ocean_disable_breadcrumbs":"default","ocean_breadcrumbs_color":"","ocean_breadcrumbs_separator_color":"","ocean_breadcrumbs_links_color":"","ocean_breadcrumbs_links_hover_color":"","ocean_display_footer_widgets":"default","ocean_display_footer_bottom":"default","ocean_custom_footer_template":"","footnotes":""},"class_list":["post-294","page","type-page","status-publish","hentry","entry"],"_links":{"self":[{"href":"https:\/\/collegeleonardlenoir.fr\/index.php\/wp-json\/wp\/v2\/pages\/294","targetHints":{"allow":["GET"]}}],"collection":[{"href":"https:\/\/collegeleonardlenoir.fr\/index.php\/wp-json\/wp\/v2\/pages"}],"about":[{"href":"https:\/\/collegeleonardlenoir.fr\/index.php\/wp-json\/wp\/v2\/types\/page"}],"author":[{"embeddable":true,"href":"https:\/\/collegeleonardlenoir.fr\/index.php\/wp-json\/wp\/v2\/users\/1"}],"replies":[{"embeddable":true,"href":"https:\/\/collegeleonardlenoir.fr\/index.php\/wp-json\/wp\/v2\/comments?post=294"}],"version-history":[{"count":18,"href":"https:\/\/collegeleonardlenoir.fr\/index.php\/wp-json\/wp\/v2\/pages\/294\/revisions"}],"predecessor-version":[{"id":1188,"href":"https:\/\/collegeleonardlenoir.fr\/index.php\/wp-json\/wp\/v2\/pages\/294\/revisions\/1188"}],"wp:attachment":[{"href":"https:\/\/collegeleonardlenoir.fr\/index.php\/wp-json\/wp\/v2\/media?parent=294"}],"curies":[{"name":"wp","href":"https:\/\/api.w.org\/{rel}","templated":true}]}}

<div data-elementor-type="wp-page" data-elementor-id="294" class="elementor elementor-294">
				<div class="elementor-element elementor-element-ab22ce1 e-flex e-con-boxed wpr-particle-no wpr-jarallax-no wpr-parallax-no wpr-sticky-section-no e-con e-parent" data-id="ab22ce1" data-element_type="container">
					<div class="e-con-inner">
				<div class="elementor-element elementor-element-e9d2f9f elementor-widget elementor-widget-heading" data-id="e9d2f9f" data-element_type="widget" data-widget_type="heading.default">
				<div class="elementor-widget-container">
					<h2 class="elementor-heading-title elementor-size-default">Le parcours citoyen - Collège léonard lenoir 2025-2026</h2>				</div>
				</div>
					</div>
				</div>
		<div class="elementor-element elementor-element-774eeb9 e-flex e-con-boxed wpr-particle-no wpr-jarallax-no wpr-parallax-no wpr-sticky-section-no e-con e-parent" data-id="774eeb9" data-element_type="container">
					<div class="e-con-inner">
				<div class="elementor-element elementor-element-502afa6 elementor-widget elementor-widget-text-editor" data-id="502afa6" data-element_type="widget" data-widget_type="text-editor.default">
				<div class="elementor-widget-container">
									<p>Le parcours citoyen de l&rsquo;élève est inscrit dans le projet global de formation de l&rsquo;élève. Il s&rsquo;adresse à des citoyens en devenir qui prennent progressivement conscience de leurs droits, de leurs devoirs et de leurs responsabilités.</p><p>Adressé à l&rsquo;ensemble des enseignements, en particulier l&rsquo;enseignement moral et civique, l’éducation aux médias et à l&rsquo;information, et en participant du socle commun de connaissances, de compétences et de culture, le parcours citoyen concourt à la transmission des valeurs et principes de la République et de la vie dans les sociétés démocratiques.</p><p>Le parcours citoyen permet d&rsquo;aborder les grands champs de l&rsquo;éducation à la citoyenneté: </p><ul><li>La transmission des valeurs républicaine et du principe de laïcité ;</li><li>La culture de l&rsquo;égalité entre les sexes et du respect mutuel ;</li><li>La lutte contre toutes les formes de discriminations et en particulier la prévention et la lutte contre le racisme et l&rsquo;antisémitisme, notamment à travers l&rsquo;ouverture sur l&rsquo;Europe et le monde ;</li><li>La prévention et la lutte contre le harcèlement ;</li><li>La lutte contre l&rsquo;homophobie ;</li><li>L&rsquo;éducation à l&rsquo;environnement et au développement durable ; </li><li>L&rsquo;éducation aux médias et à l&rsquo;information ;</li><li>L&rsquo;éducation à la défense  ; </li></ul>								</div>
				</div>
					</div>
				</div>
		<div class="elementor-element elementor-element-614268c e-flex e-con-boxed wpr-particle-no wpr-jarallax-no wpr-parallax-no wpr-sticky-section-no e-con e-parent" data-id="614268c" data-element_type="container">
					<div class="e-con-inner">
				<div class="elementor-element elementor-element-940b7ad elementor-widget elementor-widget-image" data-id="940b7ad" data-element_type="widget" data-widget_type="image.default">
				<div class="elementor-widget-container">
												<figure class="wp-caption">
										<img fetchpriority="high" decoding="async" width="1298" height="950" src="https://collegeleonardlenoir.fr/wp-content/uploads/2025/10/Parcours-citoyen-2025-2026.png" class="attachment-1536x1536 size-1536x1536 wp-image-1185" alt="" srcset="https://collegeleonardlenoir.fr/wp-content/uploads/2025/10/Parcours-citoyen-2025-2026.png 1298w, https://collegeleonardlenoir.fr/wp-content/uploads/2025/10/Parcours-citoyen-2025-2026-300x220.png 300w, https://collegeleonardlenoir.fr/wp-content/uploads/2025/10/Parcours-citoyen-2025-2026-1024x749.png 1024w, https://collegeleonardlenoir.fr/wp-content/uploads/2025/10/Parcours-citoyen-2025-2026-768x562.png 768w" sizes="(max-width: 1298px) 100vw, 1298px" />											<figcaption class="widget-image-caption wp-caption-text">Tableau récapitulatif des actions du parcours ciitoyen</figcaption>
										</figure>
									</div>
				</div>
					</div>
				</div>
				</div>

<p>Le parcours citoyen &#8211; Collège léonard lenoir 2025-2026 Le parcours citoyen de l&rsquo;élève est inscrit dans le projet global de formation de l&rsquo;élève. Il s&rsquo;adresse à des citoyens en devenir qui prennent progressivement conscience de leurs droits, de leurs devoirs et de leurs responsabilités. Adressé à l&rsquo;ensemble des enseignements, en particulier l&rsquo;enseignement moral et civique, l’éducation aux médias et à l&rsquo;information, et en participant du socle commun de connaissances, de compétences et de culture, le parcours citoyen concourt à la transmission des valeurs et principes de la République et de la vie dans les sociétés démocratiques. Le parcours citoyen permet d&rsquo;aborder les grands champs de l&rsquo;éducation à la citoyenneté:  La transmission des valeurs républicaine et du principe de laïcité ; La culture de l&rsquo;égalité entre les sexes et du respect mutuel ; La lutte contre toutes les formes de discriminations et en particulier la prévention et la lutte contre le racisme et l&rsquo;antisémitisme, notamment à travers l&rsquo;ouverture sur l&rsquo;Europe et le monde ; La prévention et la lutte contre le harcèlement ; La lutte contre l&rsquo;homophobie ; L&rsquo;éducation à l&rsquo;environnement et au développement durable ;  L&rsquo;éducation aux médias et à l&rsquo;information ; L&rsquo;éducation à la défense  ;  Tableau récapitulatif des actions du parcours ciitoyen</p>
