{"id":293,"date":"2025-03-25T15:05:34","date_gmt":"2025-03-25T14:05:34","guid":{"rendered":"https:\/\/collegeleonardlenoir.fr\/?page_id=293"},"modified":"2025-10-06T14:56:09","modified_gmt":"2025-10-06T12:56:09","slug":"parcours-sante","status":"publish","type":"page","link":"https:\/\/collegeleonardlenoir.fr\/index.php\/parcours-sante\/","title":{"rendered":"Parcours sant\u00e9"},"content":{"rendered":"\n<h2 class=\"wp-block-heading\">Parcours \u00e9ducatif de sant\u00e9 &#8211; Coll\u00e8ge L\u00e9onard Lenoir<\/h2>\n\n\n\n<div class=\"wp-block-group\"><div class=\"wp-block-group__inner-container is-layout-constrained wp-block-group-is-layout-constrained\">\n<figure class=\"wp-block-table\"><table class=\"has-fixed-layout\"><thead><tr><th>Niveau<\/th><th>Intitul\u00e9 de l&rsquo;action<\/th><th>Descriptif<\/th><th>Intervenants<\/th><\/tr><\/thead><tbody><tr><td>Sixi\u00e8me<\/td><td>Vie effective<\/td><td>S\u00e9ance 1 : Pubert\u00e9 et estime de soi<br>S\u00e9ance 2 : \u00c9motion et relation<br>S\u00e9ance 3 : Le consentement<\/td><td>Profs SVT + Infirmi\u00e8re<br>PP + infirmi\u00e8re<br>pp + infirmi\u00e8re<\/td><\/tr><tr><td><\/td><td>Non au Harc\u00e8lement<\/td><td>Sensibilisation des \u00e9l\u00e8ves \u00e0 la lutte contre le harc\u00e8lement<\/td><td>CPE + PP<\/td><\/tr><tr><td><\/td><td>Les \u00e9crans et le sommeil<\/td><td>Intervention avant l&rsquo;arriv\u00e9e au coll\u00e8ge<\/td><td>Infirmi\u00e8re + M\u00e9decin scolaire<\/td><\/tr><tr><td><\/td><td>D\u00e9pistage<\/td><td>Visite et entretien m\u00e9dical pour tous les nouveaux \u00e9l\u00e8ves du coll\u00e8ge<\/td><td>Infirmi\u00e8re <\/td><\/tr><tr><td><\/td><td>Op\u00e9ration \u00ab\u00a0Petit d\u00e9jeuner\u00a0\u00bb<\/td><td>Information sur les bonnes pratiques<br>Constitution d&rsquo;un petit d\u00e9jeuner<br>Lien avec le cours sur la nutrition en SVT<\/td><td>Infirmi\u00e8re + professeurs SVT<\/td><\/tr><tr><td><\/td><td>\u00ab\u00a0Savoir nager\u00a0\u00bb<\/td><td>Maitriser la nage<\/td><td>Professeur d&rsquo;EPS<\/td><\/tr><tr><td>Cinqui\u00e8me<\/td><td>Non au Harc\u00e8lement<\/td><td>Avoir les bons usages d&rsquo;Internet et des r\u00e9seaux sociaux, lutter contre le cyber-harc\u00e8lement<\/td><td>Association G\u00e9n\u00e9ration num\u00e9rique<\/td><\/tr><tr><td><\/td><td>Pubert\u00e9 et relations affectives<\/td><td>Ateliers d&rsquo;information sur l&rsquo;adolescence, les relations affectives<\/td><td>CACIS + Infirmi\u00e8re scolaire<\/td><\/tr><tr><td><\/td><td>Les gestes qui sauvent (GQS)<\/td><td>Formation des \u00e9l\u00e8ves de cinqui\u00e8me \u00e0 l&rsquo;occasion du s\u00e9jour \u00e0 Lalinde<\/td><td>Enseignants formateurs &#8211; Mme Semenou et M. Labarthe<\/td><\/tr><tr><td>Quatri\u00e8me<\/td><td>Pubert\u00e9 et relations affectives<\/td><td>Orientation sexuelle, genre et discrimination<\/td><td>Infirmi\u00e8re + Calk<\/td><\/tr><tr><td><\/td><td>Non au Harc\u00e8lement<\/td><td>Lutter contre le harc\u00e8lement, que dit la loi &#8230;<br>Intervention de 2 heures<\/td><td>La clinique du droit<\/td><\/tr><tr><td><\/td><td>PSC 1 <\/td><td>Attestation premiers secours <\/td><td>Enseignants formateurs: Mme Semenou et M. Labarthe<\/td><\/tr><tr><td><\/td><td>Les addictions<\/td><td>Projet d&rsquo;information<\/td><td>R\u00e9f\u00e8rent police<\/td><\/tr><tr><td>Troisi\u00e8me<\/td><td>\u00c9ducation \u00e0 la vie affective et relationnelle<\/td><td>IST, Contraception et sexualit\u00e9<\/td><td>Infirmi\u00e8re + \u00e9tudiante<\/td><\/tr><tr><td><\/td><td>Non au Harc\u00e8lement<\/td><td>Que dit la loi, les responsabilit\u00e9s<\/td><td>R\u00e9f\u00e9rente police<\/td><\/tr><tr><td>Tous niveaux<\/td><td>Non au Harc\u00e8lement, concours dessin<\/td><td>Actions lors de la journ\u00e9e du 7 novembre<\/td><td>CPE + professeure documentaliste et professeurs<\/td><\/tr><tr><td><\/td><td>EPS<\/td><td>Cours,  Association sportive, tournois sur la pause m\u00e9ridienne<\/td><td>Professeurs d&rsquo;EPS, FSE<\/td><\/tr><tr><td><\/td><td>Parole d&rsquo;ados<\/td><td>Groupes de parole et d&rsquo;\u00e9change<\/td><td>le Calk<\/td><\/tr><\/tbody><\/table><\/figure>\n<\/div><\/div>\n\n\n\n<p><\/p>\n","protected":false},"excerpt":{"rendered":"<p>Parcours \u00e9ducatif de sant\u00e9 &#8211; Coll\u00e8ge L\u00e9onard Lenoir Niveau Intitul\u00e9 de l&rsquo;action Descriptif Intervenants Sixi\u00e8me Vie effective S\u00e9ance 1 : Pubert\u00e9 et estime de soiS\u00e9ance 2 : \u00c9motion et relationS\u00e9ance 3 : Le consentement Profs SVT + Infirmi\u00e8rePP + infirmi\u00e8repp + infirmi\u00e8re Non au Harc\u00e8lement Sensibilisation des \u00e9l\u00e8ves \u00e0 la lutte contre le harc\u00e8lement CPE + PP Les \u00e9crans et le sommeil Intervention avant l&rsquo;arriv\u00e9e au coll\u00e8ge Infirmi\u00e8re + M\u00e9decin scolaire D\u00e9pistage Visite et entretien m\u00e9dical pour tous les nouveaux \u00e9l\u00e8ves du coll\u00e8ge Infirmi\u00e8re Op\u00e9ration \u00ab\u00a0Petit d\u00e9jeuner\u00a0\u00bb Information sur les bonnes pratiquesConstitution d&rsquo;un petit d\u00e9jeunerLien avec le cours sur la nutrition en SVT Infirmi\u00e8re + professeurs SVT \u00ab\u00a0Savoir nager\u00a0\u00bb Maitriser la nage Professeur d&rsquo;EPS Cinqui\u00e8me Non au Harc\u00e8lement Avoir les bons usages d&rsquo;Internet et des r\u00e9seaux sociaux, lutter contre le cyber-harc\u00e8lement Association G\u00e9n\u00e9ration num\u00e9rique Pubert\u00e9 et relations affectives Ateliers d&rsquo;information sur l&rsquo;adolescence, les relations affectives CACIS + Infirmi\u00e8re scolaire Les gestes qui sauvent (GQS) Formation des \u00e9l\u00e8ves de cinqui\u00e8me \u00e0 l&rsquo;occasion du s\u00e9jour \u00e0 Lalinde Enseignants formateurs &#8211; Mme Semenou et M. Labarthe Quatri\u00e8me Pubert\u00e9 et relations affectives Orientation sexuelle, genre et discrimination Infirmi\u00e8re + Calk Non au Harc\u00e8lement Lutter contre le harc\u00e8lement, que dit la loi &#8230;Intervention de 2 heures La clinique du droit PSC 1 Attestation premiers secours Enseignants formateurs: Mme Semenou et M. Labarthe Les addictions Projet d&rsquo;information R\u00e9f\u00e8rent police Troisi\u00e8me \u00c9ducation \u00e0 la vie affective et relationnelle IST, Contraception et sexualit\u00e9 Infirmi\u00e8re + \u00e9tudiante Non au Harc\u00e8lement Que dit la loi, les responsabilit\u00e9s R\u00e9f\u00e9rente police Tous niveaux Non au Harc\u00e8lement, concours dessin Actions lors de la journ\u00e9e du 7 novembre CPE + professeure documentaliste et professeurs EPS Cours, Association sportive, tournois sur la pause m\u00e9ridienne Professeurs d&rsquo;EPS, FSE Parole d&rsquo;ados Groupes de parole et d&rsquo;\u00e9change le Calk<\/p>\n","protected":false},"author":1,"featured_media":0,"parent":0,"menu_order":0,"comment_status":"closed","ping_status":"closed","template":"","meta":{"ocean_post_layout":"","ocean_both_sidebars_style":"","ocean_both_sidebars_content_width":0,"ocean_both_sidebars_sidebars_width":0,"ocean_sidebar":"","ocean_second_sidebar":"","ocean_disable_margins":"enable","ocean_add_body_class":"","ocean_shortcode_before_top_bar":"","ocean_shortcode_after_top_bar":"","ocean_shortcode_before_header":"","ocean_shortcode_after_header":"","ocean_has_shortcode":"","ocean_shortcode_after_title":"","ocean_shortcode_before_footer_widgets":"","ocean_shortcode_after_footer_widgets":"","ocean_shortcode_before_footer_bottom":"","ocean_shortcode_after_footer_bottom":"","ocean_display_top_bar":"default","ocean_display_header":"default","ocean_header_style":"","ocean_center_header_left_menu":"","ocean_custom_header_template":"","ocean_custom_logo":0,"ocean_custom_retina_logo":0,"ocean_custom_logo_max_width":0,"ocean_custom_logo_tablet_max_width":0,"ocean_custom_logo_mobile_max_width":0,"ocean_custom_logo_max_height":0,"ocean_custom_logo_tablet_max_height":0,"ocean_custom_logo_mobile_max_height":0,"ocean_header_custom_menu":"","ocean_menu_typo_font_family":"","ocean_menu_typo_font_subset":"","ocean_menu_typo_font_size":0,"ocean_menu_typo_font_size_tablet":0,"ocean_menu_typo_font_size_mobile":0,"ocean_menu_typo_font_size_unit":"px","ocean_menu_typo_font_weight":"","ocean_menu_typo_font_weight_tablet":"","ocean_menu_typo_font_weight_mobile":"","ocean_menu_typo_transform":"","ocean_menu_typo_transform_tablet":"","ocean_menu_typo_transform_mobile":"","ocean_menu_typo_line_height":0,"ocean_menu_typo_line_height_tablet":0,"ocean_menu_typo_line_height_mobile":0,"ocean_menu_typo_line_height_unit":"","ocean_menu_typo_spacing":0,"ocean_menu_typo_spacing_tablet":0,"ocean_menu_typo_spacing_mobile":0,"ocean_menu_typo_spacing_unit":"","ocean_menu_link_color":"","ocean_menu_link_color_hover":"","ocean_menu_link_color_active":"","ocean_menu_link_background":"","ocean_menu_link_hover_background":"","ocean_menu_link_active_background":"","ocean_menu_social_links_bg":"","ocean_menu_social_hover_links_bg":"","ocean_menu_social_links_color":"","ocean_menu_social_hover_links_color":"","ocean_disable_title":"default","ocean_disable_heading":"default","ocean_post_title":"","ocean_post_subheading":"","ocean_post_title_style":"","ocean_post_title_background_color":"","ocean_post_title_background":0,"ocean_post_title_bg_image_position":"","ocean_post_title_bg_image_attachment":"","ocean_post_title_bg_image_repeat":"","ocean_post_title_bg_image_size":"","ocean_post_title_height":0,"ocean_post_title_bg_overlay":0.5,"ocean_post_title_bg_overlay_color":"","ocean_disable_breadcrumbs":"default","ocean_breadcrumbs_color":"","ocean_breadcrumbs_separator_color":"","ocean_breadcrumbs_links_color":"","ocean_breadcrumbs_links_hover_color":"","ocean_display_footer_widgets":"default","ocean_display_footer_bottom":"default","ocean_custom_footer_template":"","footnotes":""},"class_list":["post-293","page","type-page","status-publish","hentry","entry"],"_links":{"self":[{"href":"https:\/\/collegeleonardlenoir.fr\/index.php\/wp-json\/wp\/v2\/pages\/293","targetHints":{"allow":["GET"]}}],"collection":[{"href":"https:\/\/collegeleonardlenoir.fr\/index.php\/wp-json\/wp\/v2\/pages"}],"about":[{"href":"https:\/\/collegeleonardlenoir.fr\/index.php\/wp-json\/wp\/v2\/types\/page"}],"author":[{"embeddable":true,"href":"https:\/\/collegeleonardlenoir.fr\/index.php\/wp-json\/wp\/v2\/users\/1"}],"replies":[{"embeddable":true,"href":"https:\/\/collegeleonardlenoir.fr\/index.php\/wp-json\/wp\/v2\/comments?post=293"}],"version-history":[{"count":3,"href":"https:\/\/collegeleonardlenoir.fr\/index.php\/wp-json\/wp\/v2\/pages\/293\/revisions"}],"predecessor-version":[{"id":1198,"href":"https:\/\/collegeleonardlenoir.fr\/index.php\/wp-json\/wp\/v2\/pages\/293\/revisions\/1198"}],"wp:attachment":[{"href":"https:\/\/collegeleonardlenoir.fr\/index.php\/wp-json\/wp\/v2\/media?parent=293"}],"curies":[{"name":"wp","href":"https:\/\/api.w.org\/{rel}","templated":true}]}}