{"id":1102,"date":"2025-09-02T09:15:36","date_gmt":"2025-09-02T07:15:36","guid":{"rendered":"https:\/\/collegeleonardlenoir.fr\/?page_id=1102"},"modified":"2025-09-02T09:21:34","modified_gmt":"2025-09-02T07:21:34","slug":"la-classe-nsa-non-scolarise-anterieurement","status":"publish","type":"page","link":"https:\/\/collegeleonardlenoir.fr\/index.php\/la-classe-nsa-non-scolarise-anterieurement\/","title":{"rendered":"La classe NSA (Non scolaris\u00e9 Ant\u00e9rieurement)"},"content":{"rendered":"\t\t<div data-elementor-type=\"wp-page\" data-elementor-id=\"1102\" class=\"elementor elementor-1102\">\n\t\t\t\t<div class=\"elementor-element elementor-element-30586b9 e-flex e-con-boxed wpr-particle-no wpr-jarallax-no wpr-parallax-no wpr-sticky-section-no e-con e-parent\" data-id=\"30586b9\" data-element_type=\"container\">\n\t\t\t\t\t<div class=\"e-con-inner\">\n\t\t\t\t<div class=\"elementor-element elementor-element-0bdd1ee elementor-widget elementor-widget-heading\" data-id=\"0bdd1ee\" data-element_type=\"widget\" data-widget_type=\"heading.default\">\n\t\t\t\t<div class=\"elementor-widget-container\">\n\t\t\t\t\t<h2 class=\"elementor-heading-title elementor-size-default\">L\u2019Unit\u00e9 P\u00e9dagogique pour El\u00e8ves Allophones nouvellement Arriv\u00e9s non ou peu scolaris\u00e9s ant\u00e9rieurement \u2013 l\u2019UPE2A-NSA.<\/h2>\t\t\t\t<\/div>\n\t\t\t\t<\/div>\n\t\t\t\t<div class=\"elementor-element elementor-element-3174757 elementor-widget elementor-widget-text-editor\" data-id=\"3174757\" data-element_type=\"widget\" data-widget_type=\"text-editor.default\">\n\t\t\t\t<div class=\"elementor-widget-container\">\n\t\t\t\t\t\t\t\t\t<p>\u00a0<\/p><p>Ils sont une quinzaine de filles et gar\u00e7ons, chaque ann\u00e9e \u00e0 \u00eatre accueillis au sein de ce dispositif pour une \u00e0 deux ann\u00e9es. Ils ont entre 10 et 17 ans, viennent d\u2019Asie, d\u2019Afrique et d\u2019Europe. \u00a0\u00a0<\/p>\t\t\t\t\t\t\t\t<\/div>\n\t\t\t\t<\/div>\n\t\t\t\t\t<\/div>\n\t\t\t\t<\/div>\n\t\t<div class=\"elementor-element elementor-element-509ded8 e-grid e-con-boxed wpr-particle-no wpr-jarallax-no wpr-parallax-no wpr-sticky-section-no e-con e-parent\" data-id=\"509ded8\" data-element_type=\"container\">\n\t\t\t\t\t<div class=\"e-con-inner\">\n\t\t\t\t<div class=\"elementor-element elementor-element-f40ee2d elementor-widget elementor-widget-image\" data-id=\"f40ee2d\" data-element_type=\"widget\" data-widget_type=\"image.default\">\n\t\t\t\t<div class=\"elementor-widget-container\">\n\t\t\t\t\t\t\t\t\t\t\t\t\t\t\t<img fetchpriority=\"high\" decoding=\"async\" width=\"355\" height=\"473\" src=\"https:\/\/collegeleonardlenoir.fr\/wp-content\/uploads\/2025\/09\/NSA.png\" class=\"attachment-large size-large wp-image-1104\" alt=\"\" srcset=\"https:\/\/collegeleonardlenoir.fr\/wp-content\/uploads\/2025\/09\/NSA.png 355w, https:\/\/collegeleonardlenoir.fr\/wp-content\/uploads\/2025\/09\/NSA-225x300.png 225w\" sizes=\"(max-width: 355px) 100vw, 355px\" \/>\t\t\t\t\t\t\t\t\t\t\t\t\t\t\t<\/div>\n\t\t\t\t<\/div>\n\t\t\t\t<div class=\"elementor-element elementor-element-dc1281a elementor-widget elementor-widget-text-editor\" data-id=\"dc1281a\" data-element_type=\"widget\" data-widget_type=\"text-editor.default\">\n\t\t\t\t<div class=\"elementor-widget-container\">\n\t\t\t\t\t\t\t\t\t<p>Ils sont arriv\u00e9s seuls ou en famille, ils vivent en foyer ou avec leur famille. Ils viennent de toute la Gironde, parfois ils ont plus d\u2019une heure de trajet pour venir au coll\u00e8ge.\u00a0\u00a0<\/p><p>Ils apprennent le fran\u00e7ais puis la lecture, l\u2019\u00e9criture, la num\u00e9ration, enrichissent leurs connaissances en EMC, g\u00e9ographie, histoire, sciences, anglais, \u00e9ducation physique et sportive, arts\u2026<\/p>\t\t\t\t\t\t\t\t<\/div>\n\t\t\t\t<\/div>\n\t\t\t\t<div class=\"elementor-element elementor-element-ef71119 elementor-widget elementor-widget-text-editor\" data-id=\"ef71119\" data-element_type=\"widget\" data-widget_type=\"text-editor.default\">\n\t\t\t\t<div class=\"elementor-widget-container\">\n\t\t\t\t\t\t\t\t\t<p>L\u2019objectif est de leur permettre de construire un parcours scolaire et professionnel leur permettant la meilleure insertion sociale et professionnelle possible en France.<\/p>\t\t\t\t\t\t\t\t<\/div>\n\t\t\t\t<\/div>\n\t\t\t\t\t<\/div>\n\t\t\t\t<\/div>\n\t\t<div class=\"elementor-element elementor-element-23b28db e-grid e-con-boxed wpr-particle-no wpr-jarallax-no wpr-parallax-no wpr-sticky-section-no e-con e-parent\" data-id=\"23b28db\" data-element_type=\"container\">\n\t\t\t\t\t<div class=\"e-con-inner\">\n\t\t\t\t<div class=\"elementor-element elementor-element-94d1f63 elementor-widget elementor-widget-text-editor\" data-id=\"94d1f63\" data-element_type=\"widget\" data-widget_type=\"text-editor.default\">\n\t\t\t\t<div class=\"elementor-widget-container\">\n\t\t\t\t\t\t\t\t\t<p>C\u2019est une classe internationale, aux langues, aux cultures et aux parcours de vie diff\u00e9rents, qui rencontrent les \u00e9l\u00e8ves du quartier du coll\u00e8ge L. Lenoir.<\/p><p>\u00a0<\/p><p>Ces rencontres et l\u2019inclusion sont une richesse pour chacun et chacune et une n\u00e9cessit\u00e9 pour vivre ensemble dans l\u2019acceptation des diff\u00e9rences et le respect des valeurs de la r\u00e9publique.<\/p>\t\t\t\t\t\t\t\t<\/div>\n\t\t\t\t<\/div>\n\t\t\t\t<div class=\"elementor-element elementor-element-32ce938 elementor-widget elementor-widget-image\" data-id=\"32ce938\" data-element_type=\"widget\" data-widget_type=\"image.default\">\n\t\t\t\t<div class=\"elementor-widget-container\">\n\t\t\t\t\t\t\t\t\t\t\t\t\t\t\t<img decoding=\"async\" width=\"408\" height=\"306\" src=\"https:\/\/collegeleonardlenoir.fr\/wp-content\/uploads\/2025\/09\/Classe-NSA.png\" class=\"attachment-large size-large wp-image-1103\" alt=\"\" srcset=\"https:\/\/collegeleonardlenoir.fr\/wp-content\/uploads\/2025\/09\/Classe-NSA.png 408w, https:\/\/collegeleonardlenoir.fr\/wp-content\/uploads\/2025\/09\/Classe-NSA-300x225.png 300w\" sizes=\"(max-width: 408px) 100vw, 408px\" \/>\t\t\t\t\t\t\t\t\t\t\t\t\t\t\t<\/div>\n\t\t\t\t<\/div>\n\t\t\t\t\t<\/div>\n\t\t\t\t<\/div>\n\t\t<div class=\"elementor-element elementor-element-5fd0b83 e-flex e-con-boxed wpr-particle-no wpr-jarallax-no wpr-parallax-no wpr-sticky-section-no e-con e-parent\" data-id=\"5fd0b83\" data-element_type=\"container\">\n\t\t\t\t\t<div class=\"e-con-inner\">\n\t\t\t\t<div class=\"elementor-element elementor-element-4e68bc6 elementor-widget elementor-widget-text-editor\" data-id=\"4e68bc6\" data-element_type=\"widget\" data-widget_type=\"text-editor.default\">\n\t\t\t\t<div class=\"elementor-widget-container\">\n\t\t\t\t\t\t\t\t\t<p>C\u00e9line Barth\u00e9l\u00e9my<\/p><p>Enseignante de <strong>F<\/strong>ran\u00e7ais <strong>L<\/strong>angue de <strong>Sco<\/strong>larisation (FLSco) de la classe d\u2019UPE2A-NSA<\/p><p>au coll\u00e8ge L\u00e9onard Lenoir<\/p>\t\t\t\t\t\t\t\t<\/div>\n\t\t\t\t<\/div>\n\t\t\t\t\t<\/div>\n\t\t\t\t<\/div>\n\t\t\t\t<\/div>\n\t\t","protected":false},"excerpt":{"rendered":"<p>L\u2019Unit\u00e9 P\u00e9dagogique pour El\u00e8ves Allophones nouvellement Arriv\u00e9s non ou peu scolaris\u00e9s ant\u00e9rieurement \u2013 l\u2019UPE2A-NSA. \u00a0 Ils sont une quinzaine de filles et gar\u00e7ons, chaque ann\u00e9e \u00e0 \u00eatre accueillis au sein de ce dispositif pour une \u00e0 deux ann\u00e9es. Ils ont entre 10 et 17 ans, viennent d\u2019Asie, d\u2019Afrique et d\u2019Europe. \u00a0\u00a0 Ils sont arriv\u00e9s seuls ou en famille, ils vivent en foyer ou avec leur famille. Ils viennent de toute la Gironde, parfois ils ont plus d\u2019une heure de trajet pour venir au coll\u00e8ge.\u00a0\u00a0 Ils apprennent le fran\u00e7ais puis la lecture, l\u2019\u00e9criture, la num\u00e9ration, enrichissent leurs connaissances en EMC, g\u00e9ographie, histoire, sciences, anglais, \u00e9ducation physique et sportive, arts\u2026 L\u2019objectif est de leur permettre de construire un parcours scolaire et professionnel leur permettant la meilleure insertion sociale et professionnelle possible en France. C\u2019est une classe internationale, aux langues, aux cultures et aux parcours de vie diff\u00e9rents, qui rencontrent les \u00e9l\u00e8ves du quartier du coll\u00e8ge L. Lenoir. \u00a0 Ces rencontres et l\u2019inclusion sont une richesse pour chacun et chacune et une n\u00e9cessit\u00e9 pour vivre ensemble dans l\u2019acceptation des diff\u00e9rences et le respect des valeurs de la r\u00e9publique. C\u00e9line Barth\u00e9l\u00e9my Enseignante de Fran\u00e7ais Langue de Scolarisation (FLSco) de la classe d\u2019UPE2A-NSA au coll\u00e8ge L\u00e9onard Lenoir<\/p>\n","protected":false},"author":1,"featured_media":0,"parent":0,"menu_order":0,"comment_status":"closed","ping_status":"closed","template":"","meta":{"ocean_post_layout":"","ocean_both_sidebars_style":"","ocean_both_sidebars_content_width":0,"ocean_both_sidebars_sidebars_width":0,"ocean_sidebar":"","ocean_second_sidebar":"","ocean_disable_margins":"enable","ocean_add_body_class":"","ocean_shortcode_before_top_bar":"","ocean_shortcode_after_top_bar":"","ocean_shortcode_before_header":"","ocean_shortcode_after_header":"","ocean_has_shortcode":"","ocean_shortcode_after_title":"","ocean_shortcode_before_footer_widgets":"","ocean_shortcode_after_footer_widgets":"","ocean_shortcode_before_footer_bottom":"","ocean_shortcode_after_footer_bottom":"","ocean_display_top_bar":"default","ocean_display_header":"default","ocean_header_style":"","ocean_center_header_left_menu":"","ocean_custom_header_template":"","ocean_custom_logo":0,"ocean_custom_retina_logo":0,"ocean_custom_logo_max_width":0,"ocean_custom_logo_tablet_max_width":0,"ocean_custom_logo_mobile_max_width":0,"ocean_custom_logo_max_height":0,"ocean_custom_logo_tablet_max_height":0,"ocean_custom_logo_mobile_max_height":0,"ocean_header_custom_menu":"","ocean_menu_typo_font_family":"","ocean_menu_typo_font_subset":"","ocean_menu_typo_font_size":0,"ocean_menu_typo_font_size_tablet":0,"ocean_menu_typo_font_size_mobile":0,"ocean_menu_typo_font_size_unit":"px","ocean_menu_typo_font_weight":"","ocean_menu_typo_font_weight_tablet":"","ocean_menu_typo_font_weight_mobile":"","ocean_menu_typo_transform":"","ocean_menu_typo_transform_tablet":"","ocean_menu_typo_transform_mobile":"","ocean_menu_typo_line_height":0,"ocean_menu_typo_line_height_tablet":0,"ocean_menu_typo_line_height_mobile":0,"ocean_menu_typo_line_height_unit":"","ocean_menu_typo_spacing":0,"ocean_menu_typo_spacing_tablet":0,"ocean_menu_typo_spacing_mobile":0,"ocean_menu_typo_spacing_unit":"","ocean_menu_link_color":"","ocean_menu_link_color_hover":"","ocean_menu_link_color_active":"","ocean_menu_link_background":"","ocean_menu_link_hover_background":"","ocean_menu_link_active_background":"","ocean_menu_social_links_bg":"","ocean_menu_social_hover_links_bg":"","ocean_menu_social_links_color":"","ocean_menu_social_hover_links_color":"","ocean_disable_title":"default","ocean_disable_heading":"default","ocean_post_title":"","ocean_post_subheading":"","ocean_post_title_style":"","ocean_post_title_background_color":"","ocean_post_title_background":0,"ocean_post_title_bg_image_position":"","ocean_post_title_bg_image_attachment":"","ocean_post_title_bg_image_repeat":"","ocean_post_title_bg_image_size":"","ocean_post_title_height":0,"ocean_post_title_bg_overlay":0.5,"ocean_post_title_bg_overlay_color":"","ocean_disable_breadcrumbs":"default","ocean_breadcrumbs_color":"","ocean_breadcrumbs_separator_color":"","ocean_breadcrumbs_links_color":"","ocean_breadcrumbs_links_hover_color":"","ocean_display_footer_widgets":"default","ocean_display_footer_bottom":"default","ocean_custom_footer_template":"","footnotes":""},"class_list":["post-1102","page","type-page","status-publish","hentry","entry"],"_links":{"self":[{"href":"https:\/\/collegeleonardlenoir.fr\/index.php\/wp-json\/wp\/v2\/pages\/1102","targetHints":{"allow":["GET"]}}],"collection":[{"href":"https:\/\/collegeleonardlenoir.fr\/index.php\/wp-json\/wp\/v2\/pages"}],"about":[{"href":"https:\/\/collegeleonardlenoir.fr\/index.php\/wp-json\/wp\/v2\/types\/page"}],"author":[{"embeddable":true,"href":"https:\/\/collegeleonardlenoir.fr\/index.php\/wp-json\/wp\/v2\/users\/1"}],"replies":[{"embeddable":true,"href":"https:\/\/collegeleonardlenoir.fr\/index.php\/wp-json\/wp\/v2\/comments?post=1102"}],"version-history":[{"count":3,"href":"https:\/\/collegeleonardlenoir.fr\/index.php\/wp-json\/wp\/v2\/pages\/1102\/revisions"}],"predecessor-version":[{"id":1108,"href":"https:\/\/collegeleonardlenoir.fr\/index.php\/wp-json\/wp\/v2\/pages\/1102\/revisions\/1108"}],"wp:attachment":[{"href":"https:\/\/collegeleonardlenoir.fr\/index.php\/wp-json\/wp\/v2\/media?parent=1102"}],"curies":[{"name":"wp","href":"https:\/\/api.w.org\/{rel}","templated":true}]}}

La classe NSA (Non scolarisé Antérieurement)

<div data-elementor-type="wp-page" data-elementor-id="1102" class="elementor elementor-1102">
				<div class="elementor-element elementor-element-30586b9 e-flex e-con-boxed wpr-particle-no wpr-jarallax-no wpr-parallax-no wpr-sticky-section-no e-con e-parent" data-id="30586b9" data-element_type="container">
					<div class="e-con-inner">
				<div class="elementor-element elementor-element-0bdd1ee elementor-widget elementor-widget-heading" data-id="0bdd1ee" data-element_type="widget" data-widget_type="heading.default">
				<div class="elementor-widget-container">
					<h2 class="elementor-heading-title elementor-size-default">L’Unité Pédagogique pour Elèves Allophones nouvellement Arrivés non ou peu scolarisés antérieurement – l’UPE2A-NSA.</h2>				</div>
				</div>
				<div class="elementor-element elementor-element-3174757 elementor-widget elementor-widget-text-editor" data-id="3174757" data-element_type="widget" data-widget_type="text-editor.default">
				<div class="elementor-widget-container">
									<p> </p><p>Ils sont une quinzaine de filles et garçons, chaque année à être accueillis au sein de ce dispositif pour une à deux années. Ils ont entre 10 et 17 ans, viennent d’Asie, d’Afrique et d’Europe.   </p>								</div>
				</div>
					</div>
				</div>
		<div class="elementor-element elementor-element-509ded8 e-grid e-con-boxed wpr-particle-no wpr-jarallax-no wpr-parallax-no wpr-sticky-section-no e-con e-parent" data-id="509ded8" data-element_type="container">
					<div class="e-con-inner">
				<div class="elementor-element elementor-element-f40ee2d elementor-widget elementor-widget-image" data-id="f40ee2d" data-element_type="widget" data-widget_type="image.default">
				<div class="elementor-widget-container">
															<img fetchpriority="high" decoding="async" width="355" height="473" src="https://collegeleonardlenoir.fr/wp-content/uploads/2025/09/NSA.png" class="attachment-large size-large wp-image-1104" alt="" srcset="https://collegeleonardlenoir.fr/wp-content/uploads/2025/09/NSA.png 355w, https://collegeleonardlenoir.fr/wp-content/uploads/2025/09/NSA-225x300.png 225w" sizes="(max-width: 355px) 100vw, 355px" />															</div>
				</div>
				<div class="elementor-element elementor-element-dc1281a elementor-widget elementor-widget-text-editor" data-id="dc1281a" data-element_type="widget" data-widget_type="text-editor.default">
				<div class="elementor-widget-container">
									<p>Ils sont arrivés seuls ou en famille, ils vivent en foyer ou avec leur famille. Ils viennent de toute la Gironde, parfois ils ont plus d’une heure de trajet pour venir au collège.  </p><p>Ils apprennent le français puis la lecture, l’écriture, la numération, enrichissent leurs connaissances en EMC, géographie, histoire, sciences, anglais, éducation physique et sportive, arts…</p>								</div>
				</div>
				<div class="elementor-element elementor-element-ef71119 elementor-widget elementor-widget-text-editor" data-id="ef71119" data-element_type="widget" data-widget_type="text-editor.default">
				<div class="elementor-widget-container">
									<p>L’objectif est de leur permettre de construire un parcours scolaire et professionnel leur permettant la meilleure insertion sociale et professionnelle possible en France.</p>								</div>
				</div>
					</div>
				</div>
		<div class="elementor-element elementor-element-23b28db e-grid e-con-boxed wpr-particle-no wpr-jarallax-no wpr-parallax-no wpr-sticky-section-no e-con e-parent" data-id="23b28db" data-element_type="container">
					<div class="e-con-inner">
				<div class="elementor-element elementor-element-94d1f63 elementor-widget elementor-widget-text-editor" data-id="94d1f63" data-element_type="widget" data-widget_type="text-editor.default">
				<div class="elementor-widget-container">
									<p>C’est une classe internationale, aux langues, aux cultures et aux parcours de vie différents, qui rencontrent les élèves du quartier du collège L. Lenoir.</p><p> </p><p>Ces rencontres et l’inclusion sont une richesse pour chacun et chacune et une nécessité pour vivre ensemble dans l’acceptation des différences et le respect des valeurs de la république.</p>								</div>
				</div>
				<div class="elementor-element elementor-element-32ce938 elementor-widget elementor-widget-image" data-id="32ce938" data-element_type="widget" data-widget_type="image.default">
				<div class="elementor-widget-container">
															<img decoding="async" width="408" height="306" src="https://collegeleonardlenoir.fr/wp-content/uploads/2025/09/Classe-NSA.png" class="attachment-large size-large wp-image-1103" alt="" srcset="https://collegeleonardlenoir.fr/wp-content/uploads/2025/09/Classe-NSA.png 408w, https://collegeleonardlenoir.fr/wp-content/uploads/2025/09/Classe-NSA-300x225.png 300w" sizes="(max-width: 408px) 100vw, 408px" />															</div>
				</div>
					</div>
				</div>
		<div class="elementor-element elementor-element-5fd0b83 e-flex e-con-boxed wpr-particle-no wpr-jarallax-no wpr-parallax-no wpr-sticky-section-no e-con e-parent" data-id="5fd0b83" data-element_type="container">
					<div class="e-con-inner">
				<div class="elementor-element elementor-element-4e68bc6 elementor-widget elementor-widget-text-editor" data-id="4e68bc6" data-element_type="widget" data-widget_type="text-editor.default">
				<div class="elementor-widget-container">
									<p>Céline Barthélémy</p><p>Enseignante de <strong>F</strong>rançais <strong>L</strong>angue de <strong>Sco</strong>larisation (FLSco) de la classe d’UPE2A-NSA</p><p>au collège Léonard Lenoir</p>								</div>
				</div>
					</div>
				</div>
				</div>

<p>L’Unité Pédagogique pour Elèves Allophones nouvellement Arrivés non ou peu scolarisés antérieurement – l’UPE2A-NSA.   Ils sont une quinzaine de filles et garçons, chaque année à être accueillis au sein de ce dispositif pour une à deux années. Ils ont entre 10 et 17 ans, viennent d’Asie, d’Afrique et d’Europe.    Ils sont arrivés seuls ou en famille, ils vivent en foyer ou avec leur famille. Ils viennent de toute la Gironde, parfois ils ont plus d’une heure de trajet pour venir au collège.   Ils apprennent le français puis la lecture, l’écriture, la numération, enrichissent leurs connaissances en EMC, géographie, histoire, sciences, anglais, éducation physique et sportive, arts… L’objectif est de leur permettre de construire un parcours scolaire et professionnel leur permettant la meilleure insertion sociale et professionnelle possible en France. C’est une classe internationale, aux langues, aux cultures et aux parcours de vie différents, qui rencontrent les élèves du quartier du collège L. Lenoir.   Ces rencontres et l’inclusion sont une richesse pour chacun et chacune et une nécessité pour vivre ensemble dans l’acceptation des différences et le respect des valeurs de la république. Céline Barthélémy Enseignante de Français Langue de Scolarisation (FLSco) de la classe d’UPE2A-NSA au collège Léonard Lenoir</p>
